000
CDUS43 KDTX 162033
CLIDTW


CLIMATE REPORT
NATIONAL WEATHER SERVICE DETROIT/PONTIAC MI
432 PM EDT MON APR 16 2018


...................................

...THE DETROIT MI CLIMATE SUMMARY FOR APRIL 16 2018...
VALID TODAY AS OF 0400 PM LOCAL TIME.

CLIMATE NORMAL PERIOD 1981 TO 2010
CLIMATE RECORD PERIOD 1874 TO 2018


WEATHER ITEM   OBSERVED TIME   RECORD YEAR NORMAL DEPARTURE LAST
                VALUE   (LST)  VALUE       VALUE  FROM      YEAR
                                                  NORMAL
..................................................................
TEMPERATURE (F)
 TODAY
  MAXIMUM         38    259 PM  86    2002  60    -22       75
  MINIMUM         36    900 AM  17    1875  40     -4       57
  AVERAGE         37                        50    -13       66

PRECIPITATION (IN)
  TODAY            T             1.19 1930   0.10  -0.10     0.00
  MONTH TO DATE    3.37                      1.53   1.84     1.92
  SINCE MAR 1      6.00                      3.81   2.19     6.18
  SINCE JAN 1     11.63                      7.79   3.84    10.91

SNOWFALL (IN)
  TODAY            0.0           3.3  1961   0.1   -0.1      0.0
  MONTH TO DATE    1.4                       1.4    0.0      0.1
  SINCE MAR 1      7.3                       8.3   -1.0      7.0
  SINCE JUL 1     60.0                      42.2   17.8     37.9
  SNOW DEPTH       0

DEGREE DAYS
 HEATING
  TODAY           28                        16     12        0
  MONTH TO DATE  419                       296    123      195
  SINCE MAR 1   1329                      1158    171     1060
  SINCE JUL 1   5765                      5711     54     4798

 COOLING
  TODAY            0                         0      0        1
  MONTH TO DATE    0                         0      0        5
  SINCE MAR 1      0                         0      0        5
  SINCE JAN 1      0                         0      0        5
..................................................................


WIND (MPH)
  HIGHEST WIND SPEED    22   HIGHEST WIND DIRECTION    SW (240)
  HIGHEST GUST SPEED    27   HIGHEST GUST DIRECTION     W (250)
  AVERAGE WIND SPEED    12.8


SKY COVER
  POSSIBLE SUNSHINE  MM
  AVERAGE SKY COVER 1.0


WEATHER CONDITIONS
 THE FOLLOWING WEATHER WAS RECORDED TODAY.
  LIGHT RAIN
  FOG
  HAZE


RELATIVE HUMIDITY (PERCENT)
 HIGHEST    92          1200 AM
 LOWEST     70          1100 AM
 AVERAGE    81

..........................................................


THE DETROIT MI CLIMATE NORMALS FOR TOMORROW
                         NORMAL    RECORD    YEAR
 MAXIMUM TEMPERATURE (F)   60        85      1976
 MINIMUM TEMPERATURE (F)   40        10      1875


SUNRISE AND SUNSET
APRIL 16 2018.........SUNRISE   651 AM EDT   SUNSET   816 PM EDT
APRIL 17 2018.........SUNRISE   649 AM EDT   SUNSET   817 PM EDT


-  INDICATES NEGATIVE NUMBERS.
R  INDICATES RECORD WAS SET OR TIED.
MM INDICATES DATA IS MISSING.
T  INDICATES TRACE AMOUNT.




$$
