000
CDUS43 KDTX 120545
CLIDTW


CLIMATE REPORT
NATIONAL WEATHER SERVICE DETROIT/PONTIAC MI
145 AM EDT THU APR 12 2018


...................................

...THE DETROIT MI CLIMATE SUMMARY FOR APRIL 11 2018...

CLIMATE NORMAL PERIOD 1981 TO 2010
CLIMATE RECORD PERIOD 1874 TO 2018


WEATHER ITEM   OBSERVED TIME   RECORD YEAR NORMAL DEPARTURE LAST
                VALUE   (LST)  VALUE       VALUE  FROM      YEAR
                                                  NORMAL
..................................................................
TEMPERATURE (F)
 YESTERDAY
  MAXIMUM         58    538 PM  87    1977  57      1       69
  MINIMUM         35    100 AM  22    1940  38     -3       46
  AVERAGE         47                        48     -1       58

PRECIPITATION (IN)
  YESTERDAY        T             1.60 1965   0.10  -0.10     0.29
  MONTH TO DATE    1.04                      1.04   0.00     1.85
  SINCE MAR 1      3.67                      3.32   0.35     6.11
  SINCE JAN 1      9.30                      7.30   2.00    10.84

SNOWFALL (IN)
  YESTERDAY        T             2.5  1885   0.1   -0.1      0.0
  MONTH TO DATE    1.4                       1.1    0.3      0.1
  SINCE MAR 1      7.3                       8.0   -0.7      7.0
  SINCE JUL 1     60.0                      41.9   18.1     37.9
  SNOW DEPTH       0

DEGREE DAYS
 HEATING
  YESTERDAY       18                        18      0        7
  MONTH TO DATE  316                       214    102      157
  SINCE MAR 1   1226                      1076    150     1022
  SINCE JUL 1   5662                      5629     33     4760

 COOLING
  YESTERDAY        0                         0      0        0
  MONTH TO DATE    0                         0      0        3
  SINCE MAR 1      0                         0      0        3
  SINCE JAN 1      0                         0      0        3
..................................................................


WIND (MPH)
  HIGHEST WIND SPEED    26   HIGHEST WIND DIRECTION    SW (230)
  HIGHEST GUST SPEED    32   HIGHEST GUST DIRECTION    SW (220)
  AVERAGE WIND SPEED    11.1


SKY COVER
  POSSIBLE SUNSHINE  MM
  AVERAGE SKY COVER 0.9


WEATHER CONDITIONS
 THE FOLLOWING WEATHER WAS RECORDED YESTERDAY.
  LIGHT RAIN
  SNOW
  LIGHT SNOW
  HAZE


RELATIVE HUMIDITY (PERCENT)
 HIGHEST    66          1000 PM
 LOWEST     41           700 PM
 AVERAGE    54

..........................................................


THE DETROIT MI CLIMATE NORMALS FOR TODAY
                         NORMAL    RECORD    YEAR
 MAXIMUM TEMPERATURE (F)   58        89      1977
 MINIMUM TEMPERATURE (F)   38        18      1976


SUNRISE AND SUNSET
APRIL 12 2018.........SUNRISE   657 AM EDT   SUNSET   811 PM EDT
APRIL 13 2018.........SUNRISE   656 AM EDT   SUNSET   813 PM EDT


-  INDICATES NEGATIVE NUMBERS.
R  INDICATES RECORD WAS SET OR TIED.
MM INDICATES DATA IS MISSING.
T  INDICATES TRACE AMOUNT.




$$
