000
CDUS43 KDTX 110544
CLIDTW


CLIMATE REPORT
NATIONAL WEATHER SERVICE DETROIT/PONTIAC MI
143 AM EDT WED APR 11 2018


...................................

...THE DETROIT MI CLIMATE SUMMARY FOR APRIL 10 2018...

CLIMATE NORMAL PERIOD 1981 TO 2010
CLIMATE RECORD PERIOD 1874 TO 2018


WEATHER ITEM   OBSERVED TIME   RECORD YEAR NORMAL DEPARTURE LAST
                VALUE   (LST)  VALUE       VALUE  FROM      YEAR
                                                  NORMAL
..................................................................
TEMPERATURE (F)
 YESTERDAY
  MAXIMUM         47    506 PM  86    1977  57    -10       77
  MINIMUM         30    209 AM  20    1989  38     -8       59
  AVERAGE         39                        47     -8       68

PRECIPITATION (IN)
  YESTERDAY        T             1.21 1939   0.10  -0.10     0.21
  MONTH TO DATE    1.04                      0.94   0.10     1.56
  SINCE MAR 1      3.67                      3.22   0.45     5.82
  SINCE JAN 1      9.30                      7.20   2.10    10.55

SNOWFALL (IN)
  YESTERDAY        T             3.0  1923   0.1   -0.1      0.0
  MONTH TO DATE    1.4                       1.0    0.4      0.1
  SINCE MAR 1      7.3                       7.9   -0.6      7.0
  SINCE JUL 1     60.0                      41.8   18.2     37.9
  SNOW DEPTH       0

DEGREE DAYS
 HEATING
  YESTERDAY       26                        18      8        0
  MONTH TO DATE  298                       196    102      150
  SINCE MAR 1   1208                      1058    150     1015
  SINCE JUL 1   5644                      5611     33     4753

 COOLING
  YESTERDAY        0                         0      0        3
  MONTH TO DATE    0                         0      0        3
  SINCE MAR 1      0                         0      0        3
  SINCE JAN 1      0                         0      0        3
..................................................................


WIND (MPH)
  HIGHEST WIND SPEED    17   HIGHEST WIND DIRECTION    SW (240)
  HIGHEST GUST SPEED    21   HIGHEST GUST DIRECTION    SW (220)
  AVERAGE WIND SPEED     7.7


SKY COVER
  POSSIBLE SUNSHINE  MM
  AVERAGE SKY COVER 0.8


WEATHER CONDITIONS
 THE FOLLOWING WEATHER WAS RECORDED YESTERDAY.
  FOG
  HAZE


RELATIVE HUMIDITY (PERCENT)
 HIGHEST    85           200 AM
 LOWEST     37           200 PM
 AVERAGE    61

..........................................................


THE DETROIT MI CLIMATE NORMALS FOR TODAY
                         NORMAL    RECORD    YEAR
 MAXIMUM TEMPERATURE (F)   57        87      1977
 MINIMUM TEMPERATURE (F)   38        22      1940


SUNRISE AND SUNSET
APRIL 11 2018.........SUNRISE   659 AM EDT   SUNSET   810 PM EDT
APRIL 12 2018.........SUNRISE   657 AM EDT   SUNSET   811 PM EDT


-  INDICATES NEGATIVE NUMBERS.
R  INDICATES RECORD WAS SET OR TIED.
MM INDICATES DATA IS MISSING.
T  INDICATES TRACE AMOUNT.




$$
