000
CDUS43 KDTX 030535
CLIDTW


CLIMATE REPORT
NATIONAL WEATHER SERVICE DETROIT/PONTIAC MI
135 AM EDT TUE APR 3 2018


...................................

...THE DETROIT MI CLIMATE SUMMARY FOR APRIL 2 2018...

CLIMATE NORMAL PERIOD 1981 TO 2010
CLIMATE RECORD PERIOD 1874 TO 2018


WEATHER ITEM   OBSERVED TIME   RECORD YEAR NORMAL DEPARTURE LAST
                VALUE   (LST)  VALUE       VALUE  FROM      YEAR
                                                  NORMAL
..................................................................
TEMPERATURE (F)
 YESTERDAY
  MAXIMUM         42    112 PM  83    1963  53    -11       61
  MINIMUM         24    646 AM  17    1881  35    -11       35
  AVERAGE         33                        44    -11       48

PRECIPITATION (IN)
  YESTERDAY        0.00          1.44 1945   0.09  -0.09      T
  MONTH TO DATE    0.00                      0.18  -0.18      T
  SINCE MAR 1      2.63                      2.46   0.17     4.26
  SINCE JAN 1      8.26                      6.44   1.82     8.99

SNOWFALL (IN)
  YESTERDAY        0.0           2.0  1975   0.2   -0.2      0.0
  MONTH TO DATE    0.0                       0.3   -0.3      0.0
  SINCE MAR 1      5.9                       7.2   -1.3      6.9
  SINCE JUL 1     58.6                      41.1   17.5     37.8
  SNOW DEPTH       0

DEGREE DAYS
 HEATING
  YESTERDAY       32                        21     11       17
  MONTH TO DATE   61                        42     19       34
  SINCE MAR 1    971                       904     67      899
  SINCE JUL 1   5407                      5457    -50     4637

 COOLING
  YESTERDAY        0                         0      0        0
  MONTH TO DATE    0                         0      0        0
  SINCE MAR 1      0                         0      0        0
  SINCE JAN 1      0                         0      0        0
..................................................................


WIND (MPH)
  HIGHEST WIND SPEED    15   HIGHEST WIND DIRECTION     S (170)
  HIGHEST GUST SPEED    19   HIGHEST GUST DIRECTION     S (160)
  AVERAGE WIND SPEED     5.8


SKY COVER
  POSSIBLE SUNSHINE  MM
  AVERAGE SKY COVER 0.8


WEATHER CONDITIONS
 THE FOLLOWING WEATHER WAS RECORDED YESTERDAY.
  NO SIGNIFICANT WEATHER WAS OBSERVED.


RELATIVE HUMIDITY (PERCENT)
 HIGHEST    60           600 AM
 LOWEST     34           100 PM
 AVERAGE    47

..........................................................


THE DETROIT MI CLIMATE NORMALS FOR TODAY
                         NORMAL    RECORD    YEAR
 MAXIMUM TEMPERATURE (F)   54        77      1999
 MINIMUM TEMPERATURE (F)   35        14      1954


SUNRISE AND SUNSET
APRIL  3 2018.........SUNRISE   712 AM EDT   SUNSET   801 PM EDT
APRIL  4 2018.........SUNRISE   711 AM EDT   SUNSET   803 PM EDT


-  INDICATES NEGATIVE NUMBERS.
R  INDICATES RECORD WAS SET OR TIED.
MM INDICATES DATA IS MISSING.
T  INDICATES TRACE AMOUNT.




$$
