000
CDUS43 KDTX 220536
CLIDTW


CLIMATE REPORT
NATIONAL WEATHER SERVICE DETROIT/PONTIAC MI
135 AM EDT TUE MAY 22 2018


...................................

...THE DETROIT MI CLIMATE SUMMARY FOR MAY 21 2018...

CLIMATE NORMAL PERIOD 1981 TO 2010
CLIMATE RECORD PERIOD 1874 TO 2018


WEATHER ITEM   OBSERVED TIME   RECORD YEAR NORMAL DEPARTURE LAST
                VALUE   (LST)  VALUE       VALUE  FROM      YEAR
                                                  NORMAL
..................................................................
TEMPERATURE (F)
 YESTERDAY
  MAXIMUM         67    146 PM  92    1977  71     -4       77
  MINIMUM         50    506 AM  32    1883  51     -1       54
  AVERAGE         59                        61     -2       66

PRECIPITATION (IN)
  YESTERDAY        0.43          1.69 2004   0.12   0.31     0.95
  MONTH TO DATE    6.03                      2.22   3.81     3.26
  SINCE MAR 1     12.45                      7.40   5.05    11.07
  SINCE JAN 1     18.08                     11.38   6.70    15.80

SNOWFALL (IN)
  YESTERDAY        0.0           2.3  1883   0.0    0.0      0.0
  MONTH TO DATE    0.0                       0.0    0.0      0.0
  SINCE MAR 1      8.3                       8.6   -0.3      7.0
  SINCE JUL 1     61.0                      42.5   18.5     37.9
  SNOW DEPTH       0

DEGREE DAYS
 HEATING
  YESTERDAY        6                         5      1        0
  MONTH TO DATE   76                       166    -90      208
  SINCE MAR 1   1639                      1507    132     1397
  SINCE JUL 1   6075                      6060     15     5135

 COOLING
  YESTERDAY        0                         2     -2        1
  MONTH TO DATE   20                        18      2       30
  SINCE MAR 1     20                        24     -4       37
  SINCE JAN 1     20                        24     -4       37
..................................................................


WIND (MPH)
  HIGHEST WIND SPEED    15   HIGHEST WIND DIRECTION     E (70)
  HIGHEST GUST SPEED    20   HIGHEST GUST DIRECTION    NE (60)
  AVERAGE WIND SPEED     5.7


SKY COVER
  POSSIBLE SUNSHINE  MM
  AVERAGE SKY COVER 0.9


WEATHER CONDITIONS
 THE FOLLOWING WEATHER WAS RECORDED YESTERDAY.
  HEAVY RAIN
  RAIN
  LIGHT RAIN


RELATIVE HUMIDITY (PERCENT)
 HIGHEST    83           700 PM
 LOWEST     42           900 AM
 AVERAGE    63

..........................................................


THE DETROIT MI CLIMATE NORMALS FOR TODAY
                         NORMAL    RECORD    YEAR
 MAXIMUM TEMPERATURE (F)   72        90      1994
                                             1964
 MINIMUM TEMPERATURE (F)   51        32      1883


SUNRISE AND SUNSET
MAY 22 2018...........SUNRISE   606 AM EDT   SUNSET   855 PM EDT
MAY 23 2018...........SUNRISE   605 AM EDT   SUNSET   856 PM EDT


-  INDICATES NEGATIVE NUMBERS.
R  INDICATES RECORD WAS SET OR TIED.
MM INDICATES DATA IS MISSING.
T  INDICATES TRACE AMOUNT.




$$
