000
CDUS43 KDTX 012143
CLIDTW


CLIMATE REPORT
NATIONAL WEATHER SERVICE DETROIT/PONTIAC MI
543 PM EDT TUE MAY 1 2018


...................................

...THE DETROIT MI CLIMATE SUMMARY FOR MAY 1 2018...
VALID TODAY AS OF 0500 PM LOCAL TIME.

CLIMATE NORMAL PERIOD 1981 TO 2010
CLIMATE RECORD PERIOD 1874 TO 2018


WEATHER ITEM   OBSERVED TIME   RECORD YEAR NORMAL DEPARTURE LAST
                VALUE   (LST)  VALUE       VALUE  FROM      YEAR
                                                  NORMAL
..................................................................
TEMPERATURE (F)
 TODAY
  MAXIMUM         85    359 PM  86    1942  65     20       68
  MINIMUM         50    457 AM  26    1978  45      5       50
  AVERAGE         68                        55     13       59

PRECIPITATION (IN)
  TODAY            0.00          1.46 1875   0.10  -0.10     0.12
  MONTH TO DATE    0.00                      0.10  -0.10     0.12
  SINCE MAR 1      6.42                      5.28   1.14     7.93
  SINCE JAN 1     12.05                      9.26   2.79    12.66

SNOWFALL (IN)
  TODAY            0.0           0.3  1909   0.0    0.0      0.0
  MONTH TO DATE    0.0                       0.0    0.0      0.0
  SINCE MAR 1      8.3                       8.6   -0.3      7.0
  SINCE JUL 1     61.0                      42.5   18.5     37.9
  SNOW DEPTH       0

DEGREE DAYS
 HEATING
  TODAY            0                        11    -11        6
  MONTH TO DATE    0                        11    -11        6
  SINCE MAR 1   1563                      1352    211     1195
  SINCE JUL 1   5999                      5905     94     4933

 COOLING
  TODAY            3                         0      3        0
  MONTH TO DATE    3                         0      3        0
  SINCE MAR 1      3                         6     -3        7
  SINCE JAN 1      3                         6     -3        7
..................................................................


WIND (MPH)
  HIGHEST WIND SPEED    29   HIGHEST WIND DIRECTION    SW (230)
  HIGHEST GUST SPEED    36   HIGHEST GUST DIRECTION    SW (220)
  AVERAGE WIND SPEED    11.2


SKY COVER
  POSSIBLE SUNSHINE  MM
  AVERAGE SKY COVER 0.4


WEATHER CONDITIONS
 THE FOLLOWING WEATHER WAS RECORDED TODAY.
  NO SIGNIFICANT WEATHER WAS OBSERVED.


RELATIVE HUMIDITY (PERCENT)
 HIGHEST    52           500 AM
 LOWEST     20           300 PM
 AVERAGE    36

..........................................................


THE DETROIT MI CLIMATE NORMALS FOR TOMORROW
                         NORMAL    RECORD    YEAR
 MAXIMUM TEMPERATURE (F)   66        85      2012
                                             1901
 MINIMUM TEMPERATURE (F)   45        29      1978
                                             1875


SUNRISE AND SUNSET
MAY  1 2018...........SUNRISE   629 AM EDT   SUNSET   833 PM EDT
MAY  2 2018...........SUNRISE   627 AM EDT   SUNSET   834 PM EDT


-  INDICATES NEGATIVE NUMBERS.
R  INDICATES RECORD WAS SET OR TIED.
MM INDICATES DATA IS MISSING.
T  INDICATES TRACE AMOUNT.




$$
