097
CDUS43 KDTX 140541
CLIDTW


CLIMATE REPORT
NATIONAL WEATHER SERVICE DETROIT/PONTIAC MI
141 AM EDT MON MAY 14 2018


...................................

...THE DETROIT MI CLIMATE SUMMARY FOR MAY 13 2018...

CLIMATE NORMAL PERIOD 1981 TO 2010
CLIMATE RECORD PERIOD 1874 TO 2018


WEATHER ITEM   OBSERVED TIME   RECORD YEAR NORMAL DEPARTURE LAST
                VALUE   (LST)  VALUE       VALUE  FROM      YEAR
                                                  NORMAL
..................................................................
TEMPERATURE (F)
 YESTERDAY
  MAXIMUM         63    624 PM  89    1977  69     -6       73
  MINIMUM         45    610 AM  30    2013  48     -3       46
                                      1971
  AVERAGE         54                        59     -5       60

PRECIPITATION (IN)
  YESTERDAY        0.44          1.48 1991   0.11   0.33     0.00
  MONTH TO DATE    4.73                      1.33   3.40     1.99
  SINCE MAR 1     11.15                      6.51   4.64     9.80
  SINCE JAN 1     16.78                     10.49   6.29    14.53

SNOWFALL (IN)
  YESTERDAY        0.0           1.5  1912   0.0    0.0      0.0
  MONTH TO DATE    0.0                       0.0    0.0      0.0
  SINCE MAR 1      8.3                       8.6   -0.3      7.0
  SINCE JUL 1     61.0                      42.5   18.5     37.9
  SNOW DEPTH       0

DEGREE DAYS
 HEATING
  YESTERDAY       11                         7      4        5
  MONTH TO DATE   62                       116    -54      175
  SINCE MAR 1   1625                      1457    168     1364
  SINCE JUL 1   6061                      6010     51     5102

 COOLING
  YESTERDAY        0                         1     -1        0
  MONTH TO DATE   15                         8      7        0
  SINCE MAR 1     15                        14      1        7
  SINCE JAN 1     15                        14      1        7
..................................................................


WIND (MPH)
  HIGHEST WIND SPEED    12   HIGHEST WIND DIRECTION    NE (50)
  HIGHEST GUST SPEED    14   HIGHEST GUST DIRECTION    NE (60)
  AVERAGE WIND SPEED     5.1


SKY COVER
  POSSIBLE SUNSHINE  MM
  AVERAGE SKY COVER 1.0


WEATHER CONDITIONS
 THE FOLLOWING WEATHER WAS RECORDED YESTERDAY.
  RAIN
  LIGHT RAIN
  FOG
  HAZE


RELATIVE HUMIDITY (PERCENT)
 HIGHEST    92           500 AM
 LOWEST     72           100 PM
 AVERAGE    82

..........................................................


THE DETROIT MI CLIMATE NORMALS FOR TODAY
                         NORMAL    RECORD    YEAR
 MAXIMUM TEMPERATURE (F)   69        91      1962
 MINIMUM TEMPERATURE (F)   49        34      1984
                                             1910


SUNRISE AND SUNSET
MAY 14 2018...........SUNRISE   613 AM EDT   SUNSET   847 PM EDT
MAY 15 2018...........SUNRISE   612 AM EDT   SUNSET   848 PM EDT


-  INDICATES NEGATIVE NUMBERS.
R  INDICATES RECORD WAS SET OR TIED.
MM INDICATES DATA IS MISSING.
T  INDICATES TRACE AMOUNT.




$$
