000
CDUS43 KDTX 142031
CLIDTW


CLIMATE REPORT
NATIONAL WEATHER SERVICE DETROIT/PONTIAC MI
429 PM EDT MON MAY 14 2018


...................................

...THE DETROIT MI CLIMATE SUMMARY FOR MAY 14 2018...
VALID TODAY AS OF 0400 PM LOCAL TIME.

CLIMATE NORMAL PERIOD 1981 TO 2010
CLIMATE RECORD PERIOD 1874 TO 2018


WEATHER ITEM   OBSERVED TIME   RECORD YEAR NORMAL DEPARTURE LAST
                VALUE   (LST)  VALUE       VALUE  FROM      YEAR
                                                  NORMAL
..................................................................
TEMPERATURE (F)
 TODAY
  MAXIMUM         70    259 PM  91    1962  69      1       69
  MINIMUM         51    410 AM  34    1984  49      2       50
                                      1910
  AVERAGE         61                        59      2       60

PRECIPITATION (IN)
  TODAY            0.28          1.39 1916   0.11   0.17     0.00
  MONTH TO DATE    5.01                      1.44   3.57     1.99
  SINCE MAR 1     11.43                      6.62   4.81     9.80
  SINCE JAN 1     17.06                     10.60   6.46    14.53

SNOWFALL (IN)
  TODAY            0.0           T    2016   0.0    0.0      0.0
  MONTH TO DATE    0.0                       0.0    0.0      0.0
  SINCE MAR 1      8.3                       8.6   -0.3      7.0
  SINCE JUL 1     61.0                      42.5   18.5     37.9
  SNOW DEPTH       0

DEGREE DAYS
 HEATING
  TODAY            4                         7     -3        5
  MONTH TO DATE   66                       123    -57      180
  SINCE MAR 1   1629                      1464    165     1369
  SINCE JUL 1   6065                      6017     48     5107

 COOLING
  TODAY            0                         1     -1        0
  MONTH TO DATE   15                         9      6        0
  SINCE MAR 1     15                        15      0        7
  SINCE JAN 1     15                        15      0        7
..................................................................


WIND (MPH)
  HIGHEST WIND SPEED    16   HIGHEST WIND DIRECTION     S (190)
  HIGHEST GUST SPEED    19   HIGHEST GUST DIRECTION     S (190)
  AVERAGE WIND SPEED     4.0


SKY COVER
  POSSIBLE SUNSHINE  MM
  AVERAGE SKY COVER 0.9


WEATHER CONDITIONS
 THE FOLLOWING WEATHER WAS RECORDED TODAY.
  THUNDERSTORM
  HEAVY RAIN
  RAIN
  LIGHT RAIN
  FOG
  HAZE


RELATIVE HUMIDITY (PERCENT)
 HIGHEST    93           100 AM
 LOWEST     73           300 PM
 AVERAGE    83

..........................................................


THE DETROIT MI CLIMATE NORMALS FOR TOMORROW
                         NORMAL    RECORD    YEAR
 MAXIMUM TEMPERATURE (F)   70        92      1962
 MINIMUM TEMPERATURE (F)   49        33      1973
                                             1895


SUNRISE AND SUNSET
MAY 14 2018...........SUNRISE   613 AM EDT   SUNSET   847 PM EDT
MAY 15 2018...........SUNRISE   612 AM EDT   SUNSET   848 PM EDT


-  INDICATES NEGATIVE NUMBERS.
R  INDICATES RECORD WAS SET OR TIED.
MM INDICATES DATA IS MISSING.
T  INDICATES TRACE AMOUNT.




$$
