000
CDUS43 KDTX 102027
CLIDTW


CLIMATE REPORT
NATIONAL WEATHER SERVICE DETROIT/PONTIAC MI
427 PM EDT THU MAY 10 2018


...................................

...THE DETROIT MI CLIMATE SUMMARY FOR MAY 10 2018...
VALID TODAY AS OF 0400 PM LOCAL TIME.

CLIMATE NORMAL PERIOD 1981 TO 2010
CLIMATE RECORD PERIOD 1874 TO 2018


WEATHER ITEM   OBSERVED TIME   RECORD YEAR NORMAL DEPARTURE LAST
                VALUE   (LST)  VALUE       VALUE  FROM      YEAR
                                                  NORMAL
..................................................................
TEMPERATURE (F)
 TODAY
  MAXIMUM         72    247 PM  90    1936  68      4       65
                                      1895
  MINIMUM         61    615 AM  25    1966  47     14       44
  AVERAGE         67                        58      9       55

PRECIPITATION (IN)
  TODAY            0.04          2.33 1948   0.11  -0.07     0.00
  MONTH TO DATE    1.48                      1.02   0.46     1.87
  SINCE MAR 1      7.90                      6.20   1.70     9.68
  SINCE JAN 1     13.53                     10.18   3.35    14.41

SNOWFALL (IN)
  TODAY            0.0           0.5  1902   0.0    0.0      0.0
  MONTH TO DATE    0.0                       0.0    0.0      0.0
  SINCE MAR 1      8.3                       8.6   -0.3      7.0
  SINCE JUL 1     61.0                      42.5   18.5     37.9
  SNOW DEPTH       0

DEGREE DAYS
 HEATING
  TODAY            0                         8     -8       10
  MONTH TO DATE   12                        93    -81      153
  SINCE MAR 1   1575                      1434    141     1342
  SINCE JUL 1   6011                      5987     24     5080

 COOLING
  TODAY            2                         1      1        0
  MONTH TO DATE   17                         5     12        0
  SINCE MAR 1     17                        11      6        7
  SINCE JAN 1     17                        11      6        7
..................................................................


WIND (MPH)
  HIGHEST WIND SPEED    21   HIGHEST WIND DIRECTION     W (280)
  HIGHEST GUST SPEED    27   HIGHEST GUST DIRECTION     W (290)
  AVERAGE WIND SPEED    13.7


SKY COVER
  POSSIBLE SUNSHINE  MM
  AVERAGE SKY COVER 0.9


WEATHER CONDITIONS
 THE FOLLOWING WEATHER WAS RECORDED TODAY.
  THUNDERSTORM
  RAIN
  LIGHT RAIN


RELATIVE HUMIDITY (PERCENT)
 HIGHEST    84           200 AM
 LOWEST     53           300 PM
 AVERAGE    69

..........................................................


THE DETROIT MI CLIMATE NORMALS FOR TOMORROW
                         NORMAL    RECORD    YEAR
 MAXIMUM TEMPERATURE (F)   68        87      1993
                                             1979
 MINIMUM TEMPERATURE (F)   48        30      1907


SUNRISE AND SUNSET
MAY 10 2018...........SUNRISE   618 AM EDT   SUNSET   842 PM EDT
MAY 11 2018...........SUNRISE   616 AM EDT   SUNSET   844 PM EDT


-  INDICATES NEGATIVE NUMBERS.
R  INDICATES RECORD WAS SET OR TIED.
MM INDICATES DATA IS MISSING.
T  INDICATES TRACE AMOUNT.




$$
