000
CDUS43 KDTX 082050
CLIDTW


CLIMATE REPORT
NATIONAL WEATHER SERVICE DETROIT/PONTIAC MI
431 PM EDT TUE MAY 8 2018


...................................

...THE DETROIT MI CLIMATE SUMMARY FOR MAY 8 2018...
VALID TODAY AS OF 0400 PM LOCAL TIME.

CLIMATE NORMAL PERIOD 1981 TO 2010
CLIMATE RECORD PERIOD 1874 TO 2018


WEATHER ITEM   OBSERVED TIME   RECORD YEAR NORMAL DEPARTURE LAST
                VALUE   (LST)  VALUE       VALUE  FROM      YEAR
                                                  NORMAL
..................................................................
TEMPERATURE (F)
 TODAY
  MAXIMUM         75    256 PM  87    2015  67      8       58
                                      2014
  MINIMUM         46    510 AM  30    1976  47     -1       33
  AVERAGE         61                        57      4       46

PRECIPITATION (IN)
  TODAY            0.00          0.85 1974   0.09  -0.09     0.00
  MONTH TO DATE    1.23                      0.81   0.42     1.87
  SINCE MAR 1      7.65                      5.99   1.66     9.68
  SINCE JAN 1     13.28                      9.97   3.31    14.41

SNOWFALL (IN)
  TODAY            0.0           T    1947   0.0    0.0      0.0
  MONTH TO DATE    0.0                       0.0    0.0      0.0
  SINCE MAR 1      8.3                       8.6   -0.3      7.0
  SINCE JUL 1     61.0                      42.5   18.5     37.9
  SNOW DEPTH       0

DEGREE DAYS
 HEATING
  TODAY            4                         9     -5       19
  MONTH TO DATE   12                        77    -65      126
  SINCE MAR 1   1575                      1418    157     1315
  SINCE JUL 1   6011                      5971     40     5053

 COOLING
  TODAY            0                         1     -1        0
  MONTH TO DATE   13                         3     10        0
  SINCE MAR 1     13                         9      4        7
  SINCE JAN 1     13                         9      4        7
..................................................................


WIND (MPH)
  HIGHEST WIND SPEED    13   HIGHEST WIND DIRECTION     S (170)
  HIGHEST GUST SPEED    16   HIGHEST GUST DIRECTION     S (170)
  AVERAGE WIND SPEED     4.0


SKY COVER
  POSSIBLE SUNSHINE  MM
  AVERAGE SKY COVER 0.1


WEATHER CONDITIONS
 THE FOLLOWING WEATHER WAS RECORDED TODAY.
  HAZE


RELATIVE HUMIDITY (PERCENT)
 HIGHEST    80           400 AM
 LOWEST     33           200 PM
 AVERAGE    57

..........................................................


THE DETROIT MI CLIMATE NORMALS FOR TOMORROW
                         NORMAL    RECORD    YEAR
 MAXIMUM TEMPERATURE (F)   68        90      1896
 MINIMUM TEMPERATURE (F)   47        29      1983


SUNRISE AND SUNSET
MAY  8 2018...........SUNRISE   620 AM EDT   SUNSET   840 PM EDT
MAY  9 2018...........SUNRISE   619 AM EDT   SUNSET   841 PM EDT


-  INDICATES NEGATIVE NUMBERS.
R  INDICATES RECORD WAS SET OR TIED.
MM INDICATES DATA IS MISSING.
T  INDICATES TRACE AMOUNT.




$$
