000
CDUS43 KDTX 070555
CLIDTW


CLIMATE REPORT
NATIONAL WEATHER SERVICE DETROIT/PONTIAC MI
155 AM EDT MON MAY 7 2018


...................................

...THE DETROIT MI CLIMATE SUMMARY FOR MAY 6 2018...

CLIMATE NORMAL PERIOD 1981 TO 2010
CLIMATE RECORD PERIOD 1874 TO 2018


WEATHER ITEM   OBSERVED TIME   RECORD YEAR NORMAL DEPARTURE LAST
                VALUE   (LST)  VALUE       VALUE  FROM      YEAR
                                                  NORMAL
..................................................................
TEMPERATURE (F)
 YESTERDAY
  MAXIMUM         78   1211 PM  90    1949  67     11       60
  MINIMUM         52   1159 PM  31    1974  46      6       40
  AVERAGE         65                        56      9       50

PRECIPITATION (IN)
  YESTERDAY        0.19          1.75 1976   0.10   0.09     0.00
  MONTH TO DATE    1.23                      0.62   0.61     1.87
  SINCE MAR 1      7.65                      5.80   1.85     9.68
  SINCE JAN 1     13.28                      9.78   3.50    14.41

SNOWFALL (IN)
  YESTERDAY        0.0           T    1989   0.0    0.0      0.0
  MONTH TO DATE    0.0                       0.0    0.0      0.0
  SINCE MAR 1      8.3                       8.6   -0.3      7.0
  SINCE JUL 1     61.0                      42.5   18.5     37.9
  SNOW DEPTH       0

DEGREE DAYS
 HEATING
  YESTERDAY        0                         9     -9       15
  MONTH TO DATE    0                        59    -59       90
  SINCE MAR 1   1563                      1400    163     1279
  SINCE JUL 1   5999                      5953     46     5017

 COOLING
  YESTERDAY        0                         1     -1        0
  MONTH TO DATE   13                         1     12        0
  SINCE MAR 1     13                         7      6        7
  SINCE JAN 1     13                         7      6        7
..................................................................


WIND (MPH)
  HIGHEST WIND SPEED    22   HIGHEST WIND DIRECTION    NE (30)
  HIGHEST GUST SPEED    29   HIGHEST GUST DIRECTION     N (20)
  AVERAGE WIND SPEED     6.7


SKY COVER
  POSSIBLE SUNSHINE  MM
  AVERAGE SKY COVER 0.8


WEATHER CONDITIONS
 THE FOLLOWING WEATHER WAS RECORDED YESTERDAY.
  THUNDERSTORM
  LIGHT RAIN
  HAZE


RELATIVE HUMIDITY (PERCENT)
 HIGHEST    75           700 AM
 LOWEST     43          1200 PM
 AVERAGE    59

..........................................................


THE DETROIT MI CLIMATE NORMALS FOR TODAY
                         NORMAL    RECORD    YEAR
 MAXIMUM TEMPERATURE (F)   67        86      2000
                                             1936
 MINIMUM TEMPERATURE (F)   46        27      1974


SUNRISE AND SUNSET
MAY  7 2018...........SUNRISE   621 AM EDT   SUNSET   839 PM EDT
MAY  8 2018...........SUNRISE   620 AM EDT   SUNSET   840 PM EDT


-  INDICATES NEGATIVE NUMBERS.
R  INDICATES RECORD WAS SET OR TIED.
MM INDICATES DATA IS MISSING.
T  INDICATES TRACE AMOUNT.




$$
