000
CDUS43 KDTX 040536
CLIDTW


CLIMATE REPORT
NATIONAL WEATHER SERVICE DETROIT/PONTIAC MI
136 AM EDT FRI MAY 4 2018


...................................

...THE DETROIT MI CLIMATE SUMMARY FOR MAY 3 2018...

CLIMATE NORMAL PERIOD 1981 TO 2010
CLIMATE RECORD PERIOD 1874 TO 2018


WEATHER ITEM   OBSERVED TIME   RECORD YEAR NORMAL DEPARTURE LAST
                VALUE   (LST)  VALUE       VALUE  FROM      YEAR
                                                  NORMAL
..................................................................
TEMPERATURE (F)
 YESTERDAY
  MAXIMUM         74    517 PM  89    2012  66      8       61
  MINIMUM         56   1159 PM  28    1978  45     11       39
  AVERAGE         65                        56      9       50

PRECIPITATION (IN)
  YESTERDAY        0.52          1.31 1997   0.10   0.42      T
  MONTH TO DATE    0.98                      0.31   0.67     0.16
  SINCE MAR 1      7.40                      5.49   1.91     7.97
  SINCE JAN 1     13.03                      9.47   3.56    12.70

SNOWFALL (IN)
  YESTERDAY        0.0           0.1  2005   0.0    0.0     MM
  MONTH TO DATE    0.0                       0.0    0.0      0.0
  SINCE MAR 1      8.3                       8.6   -0.3      7.0
  SINCE JUL 1     61.0                      42.5   18.5     37.9
  SNOW DEPTH       0

DEGREE DAYS
 HEATING
  YESTERDAY        0                        10    -10       15
  MONTH TO DATE    0                        31    -31       38
  SINCE MAR 1   1563                      1372    191     1227
  SINCE JUL 1   5999                      5925     74     4965

 COOLING
  YESTERDAY        0                         0      0        0
  MONTH TO DATE   10                         0     10        0
  SINCE MAR 1     10                         6      4        7
  SINCE JAN 1     10                         6      4        7
..................................................................


WIND (MPH)
  HIGHEST WIND SPEED    26   HIGHEST WIND DIRECTION    SW (230)
  HIGHEST GUST SPEED    31   HIGHEST GUST DIRECTION    SW (220)
  AVERAGE WIND SPEED    10.0


SKY COVER
  POSSIBLE SUNSHINE  MM
  AVERAGE SKY COVER 0.9


WEATHER CONDITIONS
 THE FOLLOWING WEATHER WAS RECORDED YESTERDAY.
  THUNDERSTORM
  HEAVY RAIN
  RAIN
  LIGHT RAIN
  FOG
  HAZE


RELATIVE HUMIDITY (PERCENT)
 HIGHEST    90           600 AM
 LOWEST     68           200 PM
 AVERAGE    79

..........................................................


THE DETROIT MI CLIMATE NORMALS FOR TODAY
                         NORMAL    RECORD    YEAR
 MAXIMUM TEMPERATURE (F)   66        89      1949
 MINIMUM TEMPERATURE (F)   46        28      1966


SUNRISE AND SUNSET
MAY  4 2018...........SUNRISE   625 AM EDT   SUNSET   836 PM EDT
MAY  5 2018...........SUNRISE   624 AM EDT   SUNSET   837 PM EDT


-  INDICATES NEGATIVE NUMBERS.
R  INDICATES RECORD WAS SET OR TIED.
MM INDICATES DATA IS MISSING.
T  INDICATES TRACE AMOUNT.




$$
