659
CDUS43 KDTX 242028
CLIDTW


CLIMATE REPORT
NATIONAL WEATHER SERVICE DETROIT/PONTIAC MI
427 PM EDT THU MAY 24 2018


...................................

...THE DETROIT MI CLIMATE SUMMARY FOR MAY 24 2018...
VALID TODAY AS OF 0400 PM LOCAL TIME.

CLIMATE NORMAL PERIOD 1981 TO 2010
CLIMATE RECORD PERIOD 1874 TO 2018


WEATHER ITEM   OBSERVED TIME   RECORD YEAR NORMAL DEPARTURE LAST
                VALUE   (LST)  VALUE       VALUE  FROM      YEAR
                                                  NORMAL
..................................................................
TEMPERATURE (F)
 TODAY
  MAXIMUM         82    244 PM  87    2007  72     10       69
                                      1977
                                      1933
  MINIMUM         58    546 AM  33    1925  52      6       58
  AVERAGE         70                        62      8       64

PRECIPITATION (IN)
  TODAY            0.00          1.26 1950   0.12  -0.12     0.21
  MONTH TO DATE    6.16                      2.58   3.58     3.47
  SINCE MAR 1     12.58                      7.76   4.82    11.28
  SINCE JAN 1     18.21                     11.74   6.47    16.01

SNOWFALL (IN)
  TODAY            0.0           T    1925   0.0    0.0      0.0
  MONTH TO DATE    0.0                       0.0    0.0      0.0
  SINCE MAR 1      8.3                       8.6   -0.3      7.0
  SINCE JUL 1     61.0                      42.5   18.5     37.9
  SNOW DEPTH       0

DEGREE DAYS
 HEATING
  TODAY            0                         5     -5        1
  MONTH TO DATE   76                       181   -105      213
  SINCE MAR 1   1639                      1522    117     1402
  SINCE JUL 1   6075                      6075      0     5140

 COOLING
  TODAY            5                         2      3        0
  MONTH TO DATE   28                        24      4       30
  SINCE MAR 1     28                        30     -2       37
  SINCE JAN 1     28                        30     -2       37
..................................................................


WIND (MPH)
  HIGHEST WIND SPEED    13   HIGHEST WIND DIRECTION    SW (210)
  HIGHEST GUST SPEED    16   HIGHEST GUST DIRECTION     S (200)
  AVERAGE WIND SPEED     3.0


SKY COVER
  POSSIBLE SUNSHINE  MM
  AVERAGE SKY COVER 0.4


WEATHER CONDITIONS
 THE FOLLOWING WEATHER WAS RECORDED TODAY.
  HAZE


RELATIVE HUMIDITY (PERCENT)
 HIGHEST    75           600 AM
 LOWEST     31           100 PM
 AVERAGE    53

..........................................................


THE DETROIT MI CLIMATE NORMALS FOR TOMORROW
                         NORMAL    RECORD    YEAR
 MAXIMUM TEMPERATURE (F)   73        90      2012
 MINIMUM TEMPERATURE (F)   52        35      1992


SUNRISE AND SUNSET
MAY 24 2018...........SUNRISE   604 AM EDT   SUNSET   856 PM EDT
MAY 25 2018...........SUNRISE   604 AM EDT   SUNSET   857 PM EDT


-  INDICATES NEGATIVE NUMBERS.
R  INDICATES RECORD WAS SET OR TIED.
MM INDICATES DATA IS MISSING.
T  INDICATES TRACE AMOUNT.




$$
