000
CDUS43 KDTX 252032
CLIDTW


CLIMATE REPORT
NATIONAL WEATHER SERVICE DETROIT/PONTIAC MI
430 PM EDT WED APR 25 2018


...................................

...THE DETROIT MI CLIMATE SUMMARY FOR APRIL 25 2018...
VALID TODAY AS OF 0400 PM LOCAL TIME.

CLIMATE NORMAL PERIOD 1981 TO 2010
CLIMATE RECORD PERIOD 1874 TO 2018


WEATHER ITEM   OBSERVED TIME   RECORD YEAR NORMAL DEPARTURE LAST
                VALUE   (LST)  VALUE       VALUE  FROM      YEAR
                                                  NORMAL
..................................................................
TEMPERATURE (F)
 TODAY
  MAXIMUM         62    109 PM  87    1994  63     -1       71
                                      1990
                                      1915
  MINIMUM         49    918 AM  26    1892  43      6       51
  AVERAGE         56                        53      3       61

PRECIPITATION (IN)
  TODAY            0.02          1.41 1961   0.10  -0.08     0.00
  MONTH TO DATE    3.65                      2.41   1.24     2.91
  SINCE MAR 1      6.28                      4.69   1.59     7.17
  SINCE JAN 1     11.91                      8.67   3.24    11.90

SNOWFALL (IN)
  TODAY            0.0           0.4  1976   0.0    0.0      0.0
  MONTH TO DATE    2.4                       1.6    0.8      0.1
  SINCE MAR 1      8.3                       8.5   -0.2      7.0
  SINCE JUL 1     61.0                      42.4   18.6     37.9
  SNOW DEPTH       0

DEGREE DAYS
 HEATING
  TODAY            9                        13     -4        4
  MONTH TO DATE  578                       422    156      280
  SINCE MAR 1   1488                      1284    204     1145
  SINCE JUL 1   5924                      5837     87     4883

 COOLING
  TODAY            0                         0      0        0
  MONTH TO DATE    0                         0      0        5
  SINCE MAR 1      0                         0      0        5
  SINCE JAN 1      0                         0      0        5
..................................................................


WIND (MPH)
  HIGHEST WIND SPEED    20   HIGHEST WIND DIRECTION     N (350)
  HIGHEST GUST SPEED    25   HIGHEST GUST DIRECTION     N (360)
  AVERAGE WIND SPEED     9.7


SKY COVER
  POSSIBLE SUNSHINE  MM
  AVERAGE SKY COVER 0.8


WEATHER CONDITIONS
 THE FOLLOWING WEATHER WAS RECORDED TODAY.
  LIGHT RAIN
  FOG
  HAZE


RELATIVE HUMIDITY (PERCENT)
 HIGHEST    89           100 AM
 LOWEST     42           300 PM
 AVERAGE    66

..........................................................


THE DETROIT MI CLIMATE NORMALS FOR TOMORROW
                         NORMAL    RECORD    YEAR
 MAXIMUM TEMPERATURE (F)   63        86      2009
                                             1915
 MINIMUM TEMPERATURE (F)   43        27      1926


SUNRISE AND SUNSET
APRIL 25 2018.........SUNRISE   637 AM EDT   SUNSET   826 PM EDT
APRIL 26 2018.........SUNRISE   636 AM EDT   SUNSET   827 PM EDT


-  INDICATES NEGATIVE NUMBERS.
R  INDICATES RECORD WAS SET OR TIED.
MM INDICATES DATA IS MISSING.
T  INDICATES TRACE AMOUNT.




$$
