000
CDUS43 KDTX 220541
CLIDTW


CLIMATE REPORT
NATIONAL WEATHER SERVICE DETROIT/PONTIAC MI
141 AM EDT SUN APR 22 2018


...................................

...THE DETROIT MI CLIMATE SUMMARY FOR APRIL 21 2018...

CLIMATE NORMAL PERIOD 1981 TO 2010
CLIMATE RECORD PERIOD 1874 TO 2018


WEATHER ITEM   OBSERVED TIME   RECORD YEAR NORMAL DEPARTURE LAST
                VALUE   (LST)  VALUE       VALUE  FROM      YEAR
                                                  NORMAL
..................................................................
TEMPERATURE (F)
 YESTERDAY
  MAXIMUM         57    312 PM  86    1987  62     -5       55
  MINIMUM         34    539 AM  21    1875  41     -7       44
  AVERAGE         46                        51     -5       50

PRECIPITATION (IN)
  YESTERDAY        0.00          1.13 1937   0.09  -0.09     0.00
  MONTH TO DATE    3.42                      2.02   1.40     2.91
  SINCE MAR 1      6.05                      4.30   1.75     7.17
  SINCE JAN 1     11.68                      8.28   3.40    11.90

SNOWFALL (IN)
  YESTERDAY        0.0           0.3  1978   0.1   -0.1      0.0
  MONTH TO DATE    2.4                       1.6    0.8      0.1
  SINCE MAR 1      8.3                       8.5   -0.2      7.0
  SINCE JUL 1     61.0                      42.4   18.6     37.9
  SNOW DEPTH       0

DEGREE DAYS
 HEATING
  YESTERDAY       19                        14      5       15
  MONTH TO DATE  535                       369    166      240
  SINCE MAR 1   1445                      1231    214     1105
  SINCE JUL 1   5881                      5784     97     4843

 COOLING
  YESTERDAY        0                         0      0        0
  MONTH TO DATE    0                         0      0        5
  SINCE MAR 1      0                         0      0        5
  SINCE JAN 1      0                         0      0        5
..................................................................


WIND (MPH)
  HIGHEST WIND SPEED    12   HIGHEST WIND DIRECTION     S (170)
  HIGHEST GUST SPEED    14   HIGHEST GUST DIRECTION     S (170)
  AVERAGE WIND SPEED     2.7


SKY COVER
  POSSIBLE SUNSHINE  MM
  AVERAGE SKY COVER 0.8


WEATHER CONDITIONS
 THE FOLLOWING WEATHER WAS RECORDED YESTERDAY.
  HAZE


RELATIVE HUMIDITY (PERCENT)
 HIGHEST    70           200 AM
 LOWEST     28           200 PM
 AVERAGE    49

..........................................................


THE DETROIT MI CLIMATE NORMALS FOR TODAY
                         NORMAL    RECORD    YEAR
 MAXIMUM TEMPERATURE (F)   62        87      1980
 MINIMUM TEMPERATURE (F)   42        20      1875


SUNRISE AND SUNSET
APRIL 22 2018.........SUNRISE   642 AM EDT   SUNSET   823 PM EDT
APRIL 23 2018.........SUNRISE   640 AM EDT   SUNSET   824 PM EDT


-  INDICATES NEGATIVE NUMBERS.
R  INDICATES RECORD WAS SET OR TIED.
MM INDICATES DATA IS MISSING.
T  INDICATES TRACE AMOUNT.




$$
