000
CDUS43 KDTX 230536
CLIDTW


CLIMATE REPORT
NATIONAL WEATHER SERVICE DETROIT/PONTIAC MI
136 AM EDT WED MAY 23 2018


...................................

...THE DETROIT MI CLIMATE SUMMARY FOR MAY 22 2018...

CLIMATE NORMAL PERIOD 1981 TO 2010
CLIMATE RECORD PERIOD 1874 TO 2018


WEATHER ITEM   OBSERVED TIME   RECORD YEAR NORMAL DEPARTURE LAST
                VALUE   (LST)  VALUE       VALUE  FROM      YEAR
                                                  NORMAL
..................................................................
TEMPERATURE (F)
 YESTERDAY
  MAXIMUM         77    250 PM  90    1994  72      5       71
                                      1964
  MINIMUM         54    229 AM  32    1883  51      3       51
  AVERAGE         66                        62      4       61

PRECIPITATION (IN)
  YESTERDAY        0.13          1.14 1949   0.12   0.01     0.00
  MONTH TO DATE    6.16                      2.34   3.82     3.26
  SINCE MAR 1     12.58                      7.52   5.06    11.07
  SINCE JAN 1     18.21                     11.50   6.71    15.80

SNOWFALL (IN)
  YESTERDAY        0.0           2.7  1883   0.0    0.0      0.0
  MONTH TO DATE    0.0                       0.0    0.0      0.0
  SINCE MAR 1      8.3                       8.6   -0.3      7.0
  SINCE JUL 1     61.0                      42.5   18.5     37.9
  SNOW DEPTH       0

DEGREE DAYS
 HEATING
  YESTERDAY        0                         5     -5        4
  MONTH TO DATE   76                       171    -95      212
  SINCE MAR 1   1639                      1512    127     1401
  SINCE JUL 1   6075                      6065     10     5139

 COOLING
  YESTERDAY        1                         2     -1        0
  MONTH TO DATE   21                        20      1       30
  SINCE MAR 1     21                        26     -5       37
  SINCE JAN 1     21                        26     -5       37
..................................................................


WIND (MPH)
  HIGHEST WIND SPEED    20   HIGHEST WIND DIRECTION    NW (320)
  HIGHEST GUST SPEED    26   HIGHEST GUST DIRECTION    NW (320)
  AVERAGE WIND SPEED     6.6


SKY COVER
  POSSIBLE SUNSHINE  MM
  AVERAGE SKY COVER 0.8


WEATHER CONDITIONS
 THE FOLLOWING WEATHER WAS RECORDED YESTERDAY.
  HEAVY RAIN
  RAIN
  LIGHT RAIN
  FOG
  HAZE


RELATIVE HUMIDITY (PERCENT)
 HIGHEST    90           900 AM
 LOWEST     64           300 PM
 AVERAGE    77

..........................................................


THE DETROIT MI CLIMATE NORMALS FOR TODAY
                         NORMAL    RECORD    YEAR
 MAXIMUM TEMPERATURE (F)   72        89      1964
 MINIMUM TEMPERATURE (F)   52        34      1935
                                             1917


SUNRISE AND SUNSET
MAY 23 2018...........SUNRISE   605 AM EDT   SUNSET   856 PM EDT
MAY 24 2018...........SUNRISE   604 AM EDT   SUNSET   856 PM EDT


-  INDICATES NEGATIVE NUMBERS.
R  INDICATES RECORD WAS SET OR TIED.
MM INDICATES DATA IS MISSING.
T  INDICATES TRACE AMOUNT.




$$
