000
CDUS43 KDTX 112026
CLIDTW


CLIMATE REPORT
NATIONAL WEATHER SERVICE DETROIT/PONTIAC MI
426 PM EDT FRI MAY 11 2018


...................................

...THE DETROIT MI CLIMATE SUMMARY FOR MAY 11 2018...
VALID TODAY AS OF 0400 PM LOCAL TIME.

CLIMATE NORMAL PERIOD 1981 TO 2010
CLIMATE RECORD PERIOD 1874 TO 2018


WEATHER ITEM   OBSERVED TIME   RECORD YEAR NORMAL DEPARTURE LAST
                VALUE   (LST)  VALUE       VALUE  FROM      YEAR
                                                  NORMAL
..................................................................
TEMPERATURE (F)
 TODAY
  MAXIMUM         51   1212 AM  87    1993  68    -17       65
                                      1979
  MINIMUM         44    115 PM  30    1907  48     -4       48
  AVERAGE         48                        58    -10       57

PRECIPITATION (IN)
  TODAY            0.20          1.91 1914   0.10   0.10     0.12
  MONTH TO DATE    1.78                      1.12   0.66     1.99
  SINCE MAR 1      8.20                      6.30   1.90     9.80
  SINCE JAN 1     13.83                     10.28   3.55    14.53

SNOWFALL (IN)
  TODAY            0.0           0.0    MM   0.0    0.0     MM
  MONTH TO DATE    0.0                       0.0    0.0      0.0
  SINCE MAR 1      8.3                       8.6   -0.3      7.0
  SINCE JUL 1     61.0                      42.5   18.5     37.9
  SNOW DEPTH       0

DEGREE DAYS
 HEATING
  TODAY           17                         8      9        8
  MONTH TO DATE   32                       101    -69      161
  SINCE MAR 1   1595                      1442    153     1350
  SINCE JUL 1   6031                      5995     36     5088

 COOLING
  TODAY            0                         1     -1        0
  MONTH TO DATE   15                         6      9        0
  SINCE MAR 1     15                        12      3        7
  SINCE JAN 1     15                        12      3        7
..................................................................


WIND (MPH)
  HIGHEST WIND SPEED    16   HIGHEST WIND DIRECTION    NE (30)
  HIGHEST GUST SPEED    22   HIGHEST GUST DIRECTION     N (20)
  AVERAGE WIND SPEED     9.4


SKY COVER
  POSSIBLE SUNSHINE  MM
  AVERAGE SKY COVER 1.0


WEATHER CONDITIONS
 THE FOLLOWING WEATHER WAS RECORDED TODAY.
  LIGHT RAIN


RELATIVE HUMIDITY (PERCENT)
 HIGHEST    83           100 PM
 LOWEST     53           200 AM
 AVERAGE    68

..........................................................


THE DETROIT MI CLIMATE NORMALS FOR TOMORROW
                         NORMAL    RECORD    YEAR
 MAXIMUM TEMPERATURE (F)   69        90      1881
 MINIMUM TEMPERATURE (F)   48        32      1934


SUNRISE AND SUNSET
MAY 11 2018...........SUNRISE   616 AM EDT   SUNSET   844 PM EDT
MAY 12 2018...........SUNRISE   615 AM EDT   SUNSET   845 PM EDT


-  INDICATES NEGATIVE NUMBERS.
R  INDICATES RECORD WAS SET OR TIED.
MM INDICATES DATA IS MISSING.
T  INDICATES TRACE AMOUNT.




$$
