000
CDUS43 KDTX 160538
CLIDTW


CLIMATE REPORT
NATIONAL WEATHER SERVICE DETROIT/PONTIAC MI
138 AM EDT MON APR 16 2018


...................................

...THE DETROIT MI CLIMATE SUMMARY FOR APRIL 15 2018...

CLIMATE NORMAL PERIOD 1981 TO 2010
CLIMATE RECORD PERIOD 1874 TO 2018


WEATHER ITEM   OBSERVED TIME   RECORD YEAR NORMAL DEPARTURE LAST
                VALUE   (LST)  VALUE       VALUE  FROM      YEAR
                                                  NORMAL
..................................................................
TEMPERATURE (F)
 YESTERDAY
  MAXIMUM         42    448 PM  85    2003  59    -17       83
                                      1976
  MINIMUM         32    539 AM  21    1935  39     -7       49
  AVERAGE         37                        49    -12       66

PRECIPITATION (IN)
  YESTERDAY        1.46          1.48 1919   0.10   1.36     0.07
  MONTH TO DATE    3.37                      1.43   1.94     1.92
  SINCE MAR 1      6.00                      3.71   2.29     6.18
  SINCE JAN 1     11.63                      7.69   3.94    10.91

SNOWFALL (IN)
  YESTERDAY        0.0           2.6  2014   0.1   -0.1      0.0
  MONTH TO DATE    1.4                       1.3    0.1      0.1
  SINCE MAR 1      7.3                       8.2   -0.9      7.0
  SINCE JUL 1     60.0                      42.1   17.9     37.9
  SNOW DEPTH       0

DEGREE DAYS
 HEATING
  YESTERDAY       28                        16     12        0
  MONTH TO DATE  391                       280    111      195
  SINCE MAR 1   1301                      1142    159     1060
  SINCE JUL 1   5737                      5695     42     4798

 COOLING
  YESTERDAY        0                         0      0        1
  MONTH TO DATE    0                         0      0        4
  SINCE MAR 1      0                         0      0        4
  SINCE JAN 1      0                         0      0        4
..................................................................


WIND (MPH)
  HIGHEST WIND SPEED    25   HIGHEST WIND DIRECTION    NE (60)
  HIGHEST GUST SPEED    33   HIGHEST GUST DIRECTION     E (100)
  AVERAGE WIND SPEED    11.8


SKY COVER
  POSSIBLE SUNSHINE  MM
  AVERAGE SKY COVER 1.0


WEATHER CONDITIONS
 THE FOLLOWING WEATHER WAS RECORDED YESTERDAY.
  RAIN
  LIGHT RAIN
  FREEZING RAIN
  LT FREEZING RAIN
  FOG
  FOG W/VISIBILITY <= 1/4 MILE


RELATIVE HUMIDITY (PERCENT)
 HIGHEST    92           900 PM
 LOWEST     78          1200 AM
 AVERAGE    85

..........................................................


THE DETROIT MI CLIMATE NORMALS FOR TODAY
                         NORMAL    RECORD    YEAR
 MAXIMUM TEMPERATURE (F)   60        86      2002
 MINIMUM TEMPERATURE (F)   40        17      1875


SUNRISE AND SUNSET
APRIL 16 2018.........SUNRISE   651 AM EDT   SUNSET   816 PM EDT
APRIL 17 2018.........SUNRISE   649 AM EDT   SUNSET   817 PM EDT


-  INDICATES NEGATIVE NUMBERS.
R  INDICATES RECORD WAS SET OR TIED.
MM INDICATES DATA IS MISSING.
T  INDICATES TRACE AMOUNT.




$$
