339
CDUS43 KDTX 130537
CLIDTW


CLIMATE REPORT
NATIONAL WEATHER SERVICE DETROIT/PONTIAC MI
137 AM EDT FRI APR 13 2018


...................................

...THE DETROIT MI CLIMATE SUMMARY FOR APRIL 12 2018...

CLIMATE NORMAL PERIOD 1981 TO 2010
CLIMATE RECORD PERIOD 1874 TO 2018


WEATHER ITEM   OBSERVED TIME   RECORD YEAR NORMAL DEPARTURE LAST
                VALUE   (LST)  VALUE       VALUE  FROM      YEAR
                                                  NORMAL
..................................................................
TEMPERATURE (F)
 YESTERDAY
  MAXIMUM         76    309 PM  89    1977  58     18       61
  MINIMUM         42    509 AM  18    1976  38      4       45
  AVERAGE         59                        48     11       53

PRECIPITATION (IN)
  YESTERDAY        0.04          1.24 1903   0.10  -0.06     0.00
  MONTH TO DATE    1.08                      1.14  -0.06     1.85
  SINCE MAR 1      3.71                      3.42   0.29     6.11
  SINCE JAN 1      9.34                      7.40   1.94    10.84

SNOWFALL (IN)
  YESTERDAY        0.0           1.8  1920   0.0    0.0      0.0
  MONTH TO DATE    1.4                       1.1    0.3      0.1
  SINCE MAR 1      7.3                       8.0   -0.7      7.0
  SINCE JUL 1     60.0                      41.9   18.1     37.9
  SNOW DEPTH       0

DEGREE DAYS
 HEATING
  YESTERDAY        6                        17    -11       12
  MONTH TO DATE  322                       231     91      169
  SINCE MAR 1   1232                      1093    139     1034
  SINCE JUL 1   5668                      5646     22     4772

 COOLING
  YESTERDAY        0                         0      0        0
  MONTH TO DATE    0                         0      0        3
  SINCE MAR 1      0                         0      0        3
  SINCE JAN 1      0                         0      0        3
..................................................................


WIND (MPH)
  HIGHEST WIND SPEED    33   HIGHEST WIND DIRECTION    SW (230)
  HIGHEST GUST SPEED    45   HIGHEST GUST DIRECTION    SW (240)
  AVERAGE WIND SPEED    11.6


SKY COVER
  POSSIBLE SUNSHINE  MM
  AVERAGE SKY COVER 0.9


WEATHER CONDITIONS
 THE FOLLOWING WEATHER WAS RECORDED YESTERDAY.
  LIGHT RAIN
  FOG
  HAZE


RELATIVE HUMIDITY (PERCENT)
 HIGHEST    86           700 AM
 LOWEST     35           400 PM
 AVERAGE    61

..........................................................


THE DETROIT MI CLIMATE NORMALS FOR TODAY
                         NORMAL    RECORD    YEAR
 MAXIMUM TEMPERATURE (F)   58        87      1977
                                             1941
 MINIMUM TEMPERATURE (F)   39        19      1950


SUNRISE AND SUNSET
APRIL 13 2018.........SUNRISE   656 AM EDT   SUNSET   813 PM EDT
APRIL 14 2018.........SUNRISE   654 AM EDT   SUNSET   814 PM EDT


-  INDICATES NEGATIVE NUMBERS.
R  INDICATES RECORD WAS SET OR TIED.
MM INDICATES DATA IS MISSING.
T  INDICATES TRACE AMOUNT.




$$
