000
CDUS43 KDTX 052025
CLIDTW


CLIMATE REPORT
NATIONAL WEATHER SERVICE DETROIT/PONTIAC MI
425 PM EDT SAT MAY 5 2018


...................................

...THE DETROIT MI CLIMATE SUMMARY FOR MAY 5 2018...
VALID TODAY AS OF 0400 PM LOCAL TIME.

CLIMATE NORMAL PERIOD 1981 TO 2010
CLIMATE RECORD PERIOD 1874 TO 2018


WEATHER ITEM   OBSERVED TIME   RECORD YEAR NORMAL DEPARTURE LAST
                VALUE   (LST)  VALUE       VALUE  FROM      YEAR
                                                  NORMAL
..................................................................
TEMPERATURE (F)
 TODAY
  MAXIMUM         79    257 PM  90    1895  67     12       47
  MINIMUM         52    540 AM  29    1891  46      6       43
  AVERAGE         66                        56     10       45

PRECIPITATION (IN)
  TODAY            0.00          0.85 1991   0.10  -0.10     0.72
  MONTH TO DATE    1.04                      0.52   0.52     1.87
  SINCE MAR 1      7.46                      5.70   1.76     9.68
  SINCE JAN 1     13.09                      9.68   3.41    14.41

SNOWFALL (IN)
  TODAY            0.0           T    1954   0.0    0.0      0.0
  MONTH TO DATE    0.0                       0.0    0.0      0.0
  SINCE MAR 1      8.3                       8.6   -0.3      7.0
  SINCE JUL 1     61.0                      42.5   18.5     37.9
  SNOW DEPTH       0

DEGREE DAYS
 HEATING
  TODAY            0                         9     -9       20
  MONTH TO DATE    0                        50    -50       75
  SINCE MAR 1   1563                      1391    172     1264
  SINCE JUL 1   5999                      5944     55     5002

 COOLING
  TODAY            1                         0      1        0
  MONTH TO DATE   13                         0     13        0
  SINCE MAR 1     13                         6      7        7
  SINCE JAN 1     13                         6      7        7
..................................................................


WIND (MPH)
  HIGHEST WIND SPEED    18   HIGHEST WIND DIRECTION    SW (240)
  HIGHEST GUST SPEED    24   HIGHEST GUST DIRECTION     S (200)
  AVERAGE WIND SPEED    10.4


SKY COVER
  POSSIBLE SUNSHINE  MM
  AVERAGE SKY COVER 0.4


WEATHER CONDITIONS
 THE FOLLOWING WEATHER WAS RECORDED TODAY.
  NO SIGNIFICANT WEATHER WAS OBSERVED.


RELATIVE HUMIDITY (PERCENT)
 HIGHEST    83           100 AM
 LOWEST     33           300 PM
 AVERAGE    58

..........................................................


THE DETROIT MI CLIMATE NORMALS FOR TOMORROW
                         NORMAL    RECORD    YEAR
 MAXIMUM TEMPERATURE (F)   67        90      1949
 MINIMUM TEMPERATURE (F)   46        31      1974


SUNRISE AND SUNSET
MAY  5 2018...........SUNRISE   624 AM EDT   SUNSET   837 PM EDT
MAY  6 2018...........SUNRISE   622 AM EDT   SUNSET   838 PM EDT


-  INDICATES NEGATIVE NUMBERS.
R  INDICATES RECORD WAS SET OR TIED.
MM INDICATES DATA IS MISSING.
T  INDICATES TRACE AMOUNT.




$$
