000
CDUS43 KDTX 050538
CLIDTW


CLIMATE REPORT
NATIONAL WEATHER SERVICE DETROIT/PONTIAC MI
137 AM EDT THU APR 5 2018


...................................

...THE DETROIT MI CLIMATE SUMMARY FOR APRIL 4 2018...

CLIMATE NORMAL PERIOD 1981 TO 2010
CLIMATE RECORD PERIOD 1874 TO 2018


WEATHER ITEM   OBSERVED TIME   RECORD YEAR NORMAL DEPARTURE LAST
                VALUE   (LST)  VALUE       VALUE  FROM      YEAR
                                                  NORMAL
..................................................................
TEMPERATURE (F)
 YESTERDAY
  MAXIMUM         38    458 AM  74    1921  54    -16       57
  MINIMUM         28   1159 PM   9    1874  35     -7       47
  AVERAGE         33                        45    -12       52

PRECIPITATION (IN)
  YESTERDAY        T             1.06 2003   0.09  -0.09     0.08
  MONTH TO DATE    0.89                      0.36   0.53     0.20
  SINCE MAR 1      3.52                      2.64   0.88     4.46
  SINCE JAN 1      9.15                      6.62   2.53     9.19

SNOWFALL (IN)
  YESTERDAY        0.1           2.7  1920   0.1    0.0      0.0
  MONTH TO DATE    0.1                       0.5   -0.4      0.0
  SINCE MAR 1      6.0                       7.4   -1.4      6.9
  SINCE JUL 1     58.7                      41.3   17.4     37.8
  SNOW DEPTH       T

DEGREE DAYS
 HEATING
  YESTERDAY       32                        20     12       13
  MONTH TO DATE  119                        83     36       61
  SINCE MAR 1   1029                       945     84      926
  SINCE JUL 1   5465                      5498    -33     4664

 COOLING
  YESTERDAY        0                         0      0        0
  MONTH TO DATE    0                         0      0        0
  SINCE MAR 1      0                         0      0        0
  SINCE JAN 1      0                         0      0        0
..................................................................


WIND (MPH)
  HIGHEST WIND SPEED    33   HIGHEST WIND DIRECTION     W (280)
  HIGHEST GUST SPEED    45   HIGHEST GUST DIRECTION     W (260)
  AVERAGE WIND SPEED    20.8


SKY COVER
  POSSIBLE SUNSHINE  MM
  AVERAGE SKY COVER 1.0


WEATHER CONDITIONS
 THE FOLLOWING WEATHER WAS RECORDED YESTERDAY.
  LIGHT RAIN
  LIGHT SNOW
  FOG
  HAZE


RELATIVE HUMIDITY (PERCENT)
 HIGHEST    92          1200 AM
 LOWEST     47           800 PM
 AVERAGE    70

..........................................................


THE DETROIT MI CLIMATE NORMALS FOR TODAY
                         NORMAL    RECORD    YEAR
 MAXIMUM TEMPERATURE (F)   55        79      1921
 MINIMUM TEMPERATURE (F)   36        16      1881


SUNRISE AND SUNSET
APRIL  5 2018.........SUNRISE   709 AM EDT   SUNSET   804 PM EDT
APRIL  6 2018.........SUNRISE   707 AM EDT   SUNSET   805 PM EDT


-  INDICATES NEGATIVE NUMBERS.
R  INDICATES RECORD WAS SET OR TIED.
MM INDICATES DATA IS MISSING.
T  INDICATES TRACE AMOUNT.




$$
