000
CDUS43 KDTX 230540
CLIFNT


CLIMATE REPORT
NATIONAL WEATHER SERVICE DETROIT/PONTIAC MI
140 AM EDT MON APR 23 2018


...................................

...THE FLINT MI CLIMATE SUMMARY FOR APRIL 22 2018...

CLIMATE NORMAL PERIOD 1981 TO 2010
CLIMATE RECORD PERIOD 1921 TO 2018


WEATHER ITEM   OBSERVED TIME   RECORD YEAR NORMAL DEPARTURE LAST
                VALUE   (LST)  VALUE       VALUE  FROM      YEAR
                                                  NORMAL
..................................................................
TEMPERATURE (F)
 YESTERDAY
  MAXIMUM         63    334 PM  84    1985  60      3       60
                                      1980
  MINIMUM         28    559 AM  20    1927  38    -10       36
  AVERAGE         46                        49     -3       48

PRECIPITATION (IN)
  YESTERDAY        0.00          1.75 1999   0.09  -0.09     0.00
  MONTH TO DATE    3.06                      2.13   0.93     3.95
  SINCE MAR 1      4.17                      4.04   0.13     7.16
  SINCE JAN 1     10.05                      7.15   2.90    12.71

SNOWFALL (IN)
  YESTERDAY        0.0           0.6  1986   0.1   -0.1      0.0
  MONTH TO DATE    7.9                       2.1    5.8      1.5
  SINCE MAR 1     19.6                       8.6   11.0      6.9
  SINCE JUL 1     85.3                      47.2   38.1     39.4
  SNOW DEPTH       0

DEGREE DAYS
 HEATING
  YESTERDAY       19                        16      3       17
  MONTH TO DATE  634                       444    190      322
  SINCE MAR 1   1665                      1401    264     1280
  SINCE JUL 1   6615                      6489    126     5429

 COOLING
  YESTERDAY        0                         0      0        0
  MONTH TO DATE    0                         0      0        1
  SINCE MAR 1      0                         0      0        1
  SINCE JAN 1      0                         0      0        1
..................................................................


WIND (MPH)
  HIGHEST WIND SPEED    15   HIGHEST WIND DIRECTION     E (70)
  HIGHEST GUST SPEED    21   HIGHEST GUST DIRECTION    SE (140)
  AVERAGE WIND SPEED     5.0


SKY COVER
  POSSIBLE SUNSHINE  MM
  AVERAGE SKY COVER 0.0


WEATHER CONDITIONS
 THE FOLLOWING WEATHER WAS RECORDED YESTERDAY.
  NO SIGNIFICANT WEATHER WAS OBSERVED.


RELATIVE HUMIDITY (PERCENT)
 HIGHEST    92           600 AM
 LOWEST     20           300 PM
 AVERAGE    56

..........................................................


THE FLINT MI CLIMATE NORMALS FOR TODAY
                         NORMAL    RECORD    YEAR
 MAXIMUM TEMPERATURE (F)   61        88      1925
 MINIMUM TEMPERATURE (F)   38        22      1986
                                             1930


SUNRISE AND SUNSET
APRIL 23 2018.........SUNRISE   640 AM EDT   SUNSET   827 PM EDT
APRIL 24 2018.........SUNRISE   639 AM EDT   SUNSET   828 PM EDT


-  INDICATES NEGATIVE NUMBERS.
R  INDICATES RECORD WAS SET OR TIED.
MM INDICATES DATA IS MISSING.
T  INDICATES TRACE AMOUNT.




$$
