000
CDUS43 KDTX 212039
CLIFNT


CLIMATE REPORT
NATIONAL WEATHER SERVICE DETROIT/PONTIAC MI
439 PM EDT MON MAY 21 2018


...................................

...THE FLINT MI CLIMATE SUMMARY FOR MAY 21 2018...
VALID TODAY AS OF 0400 PM LOCAL TIME.

CLIMATE NORMAL PERIOD 1981 TO 2010
CLIMATE RECORD PERIOD 1921 TO 2018


WEATHER ITEM   OBSERVED TIME   RECORD YEAR NORMAL DEPARTURE LAST
                VALUE   (LST)  VALUE       VALUE  FROM      YEAR
                                                  NORMAL
..................................................................
TEMPERATURE (F)
 TODAY
  MAXIMUM         65    237 PM  93    1921  70     -5       76
  MINIMUM         43    421 AM  31    1954  47     -4       52
  AVERAGE         54                        58     -4       64

PRECIPITATION (IN)
  TODAY            0.00          1.37 2014   0.11  -0.11     0.48
  MONTH TO DATE    2.64                      2.08   0.56     2.17
  SINCE MAR 1      6.86                      6.88  -0.02    10.57
  SINCE JAN 1     12.74                      9.99   2.75    16.12

SNOWFALL (IN)
  TODAY            0.0           T      MM   0.0    0.0      0.0
  MONTH TO DATE    0.0                       0.0    0.0      0.0
  SINCE MAR 1     19.6                       8.8   10.8      6.9
  SINCE JUL 1     85.3                      47.4   37.9     39.4
  SNOW DEPTH       0

DEGREE DAYS
 HEATING
  TODAY           11                         8      3        1
  MONTH TO DATE  118                       218   -100      243
  SINCE MAR 1   1917                      1737    180     1605
  SINCE JUL 1   6867                      6825     42     5754

 COOLING
  TODAY            0                         1     -1        0
  MONTH TO DATE   17                        13      4       17
  SINCE MAR 1     17                        17      0       20
  SINCE JAN 1     17                        17      0       20
..................................................................


WIND (MPH)
  HIGHEST WIND SPEED    13   HIGHEST WIND DIRECTION    SE (130)
  HIGHEST GUST SPEED    17   HIGHEST GUST DIRECTION     E (100)
  AVERAGE WIND SPEED     5.9


SKY COVER
  POSSIBLE SUNSHINE  MM
  AVERAGE SKY COVER 0.2


WEATHER CONDITIONS
 THE FOLLOWING WEATHER WAS RECORDED TODAY.
  FOG
  FOG W/VISIBILITY <= 1/4 MILE


RELATIVE HUMIDITY (PERCENT)
 HIGHEST   100          1200 AM
 LOWEST     34          1100 AM
 AVERAGE    67

..........................................................


THE FLINT MI CLIMATE NORMALS FOR TOMORROW
                         NORMAL    RECORD    YEAR
 MAXIMUM TEMPERATURE (F)   70        91      1934
 MINIMUM TEMPERATURE (F)   47        32      1929


SUNRISE AND SUNSET
MAY 21 2018...........SUNRISE   606 AM EDT   SUNSET   858 PM EDT
MAY 22 2018...........SUNRISE   605 AM EDT   SUNSET   858 PM EDT


-  INDICATES NEGATIVE NUMBERS.
R  INDICATES RECORD WAS SET OR TIED.
MM INDICATES DATA IS MISSING.
T  INDICATES TRACE AMOUNT.




$$
