000
CDUS43 KDTX 112028
CLIFNT


CLIMATE REPORT
NATIONAL WEATHER SERVICE DETROIT/PONTIAC MI
427 PM EDT WED APR 11 2018


...................................

...THE FLINT MI CLIMATE SUMMARY FOR APRIL 11 2018...
VALID TODAY AS OF 0400 PM LOCAL TIME.

CLIMATE NORMAL PERIOD 1981 TO 2010
CLIMATE RECORD PERIOD 1921 TO 2018


WEATHER ITEM   OBSERVED TIME   RECORD YEAR NORMAL DEPARTURE LAST
                VALUE   (LST)  VALUE       VALUE  FROM      YEAR
                                                  NORMAL
..................................................................
TEMPERATURE (F)
 TODAY
  MAXIMUM         55    259 PM  82    1945  55      0       55
  MINIMUM         33   1204 AM  21    1989  34     -1       43
                                      1946
                                      1943
  AVERAGE         44                        45     -1       49

PRECIPITATION (IN)
  TODAY            T             1.58 1922   0.10  -0.10     0.00
  MONTH TO DATE    0.92                      1.03  -0.11     2.78
  SINCE MAR 1      2.03                      2.94  -0.91     5.99
  SINCE JAN 1      7.91                      6.05   1.86    11.54

SNOWFALL (IN)
  TODAY            T             0.9  2000   0.1   -0.1      0.0
  MONTH TO DATE    6.1                       1.3    4.8      1.5
  SINCE MAR 1     17.8                       7.8    RRR      6.9
  SINCE JUL 1     83.5                      46.4   37.1     39.4
  SNOW DEPTH       T

DEGREE DAYS
 HEATING
  TODAY           21                        20      1       16
  MONTH TO DATE  360                       245    115      185
  SINCE MAR 1   1391                      1202    189     1143
  SINCE JUL 1   6341                      6290     51     5292

 COOLING
  TODAY            0                         0      0        0
  MONTH TO DATE    0                         0      0        0
  SINCE MAR 1      0                         0      0        0
  SINCE JAN 1      0                         0      0        0
..................................................................


WIND (MPH)
  HIGHEST WIND SPEED    24   HIGHEST WIND DIRECTION     W (290)
  HIGHEST GUST SPEED    30   HIGHEST GUST DIRECTION    NW (300)
  AVERAGE WIND SPEED    11.4


SKY COVER
  POSSIBLE SUNSHINE  MM
  AVERAGE SKY COVER 0.9


WEATHER CONDITIONS
 THE FOLLOWING WEATHER WAS RECORDED TODAY.
  LIGHT SNOW


RELATIVE HUMIDITY (PERCENT)
 HIGHEST    76          1000 AM
 LOWEST     43           300 PM
 AVERAGE    60

..........................................................


THE FLINT MI CLIMATE NORMALS FOR TOMORROW
                         NORMAL    RECORD    YEAR
 MAXIMUM TEMPERATURE (F)   56        81      1977
 MINIMUM TEMPERATURE (F)   34        19      1950
                                             1940


SUNRISE AND SUNSET
APRIL 11 2018.........SUNRISE   700 AM EDT   SUNSET   813 PM EDT
APRIL 12 2018.........SUNRISE   658 AM EDT   SUNSET   814 PM EDT


-  INDICATES NEGATIVE NUMBERS.
R  INDICATES RECORD WAS SET OR TIED.
MM INDICATES DATA IS MISSING.
T  INDICATES TRACE AMOUNT.




$$
