356
CDUS43 KDTX 172028
CLIFNT


CLIMATE REPORT
NATIONAL WEATHER SERVICE DETROIT/PONTIAC MI
426 PM EDT THU MAY 17 2018


...................................

...THE FLINT MI CLIMATE SUMMARY FOR MAY 17 2018...
VALID TODAY AS OF 0400 PM LOCAL TIME.

CLIMATE NORMAL PERIOD 1981 TO 2010
CLIMATE RECORD PERIOD 1921 TO 2018


WEATHER ITEM   OBSERVED TIME   RECORD YEAR NORMAL DEPARTURE LAST
                VALUE   (LST)  VALUE       VALUE  FROM      YEAR
                                                  NORMAL
..................................................................
TEMPERATURE (F)
 TODAY
  MAXIMUM         74        MM  89    1962  69      5       85
  MINIMUM         50        MM  29    1973  46      4       68
  AVERAGE         62                        57      5       77

PRECIPITATION (IN)
  TODAY            0.00          1.85 1923   0.10  -0.10     0.00
  MONTH TO DATE    2.28                      1.67   0.61     1.61
  SINCE MAR 1      6.50                      6.47   0.03    10.01
  SINCE JAN 1     12.38                      9.58   2.80    15.56

SNOWFALL (IN)
  TODAY            0.0           T      MM   0.0    0.0      0.0
  MONTH TO DATE    0.0                       0.0    0.0      0.0
  SINCE MAR 1     19.6                       8.8   10.8      6.9
  SINCE JUL 1     85.3                      47.4   37.9     39.4
  SNOW DEPTH       0

DEGREE DAYS
 HEATING
  TODAY            3                         9     -6        0
  MONTH TO DATE   91                       186    -95      218
  SINCE MAR 1   1890                      1705    185     1580
  SINCE JUL 1   6840                      6793     47     5729

 COOLING
  TODAY            0                         1     -1       12
  MONTH TO DATE   16                         9      7       15
  SINCE MAR 1     16                        13      3       18
  SINCE JAN 1     16                        13      3       18
..................................................................


WIND (MPH)
  HIGHEST WIND SPEED    16   HIGHEST WIND DIRECTION     E (70)
  HIGHEST GUST SPEED    16   HIGHEST GUST DIRECTION     N (360)
  AVERAGE WIND SPEED     6.9


SKY COVER
  POSSIBLE SUNSHINE  MM
  AVERAGE SKY COVER 0.0


WEATHER CONDITIONS
 THE FOLLOWING WEATHER WAS RECORDED TODAY.
  NO SIGNIFICANT WEATHER WAS OBSERVED.


RELATIVE HUMIDITY (PERCENT)
 HIGHEST   100           600 AM
 LOWEST     49           200 PM
 AVERAGE    75

..........................................................


THE FLINT MI CLIMATE NORMALS FOR TOMORROW
                         NORMAL    RECORD    YEAR
 MAXIMUM TEMPERATURE (F)   69        90      1998
 MINIMUM TEMPERATURE (F)   46        29      1973


SUNRISE AND SUNSET
MAY 17 2018...........SUNRISE   610 AM EDT   SUNSET   853 PM EDT
MAY 18 2018...........SUNRISE   609 AM EDT   SUNSET   854 PM EDT


-  INDICATES NEGATIVE NUMBERS.
R  INDICATES RECORD WAS SET OR TIED.
MM INDICATES DATA IS MISSING.
T  INDICATES TRACE AMOUNT.




$$
