000
CDUS43 KDTX 140541
CLIFNT


CLIMATE REPORT
NATIONAL WEATHER SERVICE DETROIT/PONTIAC MI
141 AM EDT MON MAY 14 2018


...................................

...THE FLINT MI CLIMATE SUMMARY FOR MAY 13 2018...

CLIMATE NORMAL PERIOD 1981 TO 2010
CLIMATE RECORD PERIOD 1921 TO 2018


WEATHER ITEM   OBSERVED TIME   RECORD YEAR NORMAL DEPARTURE LAST
                VALUE   (LST)  VALUE       VALUE  FROM      YEAR
                                                  NORMAL
..................................................................
TEMPERATURE (F)
 YESTERDAY
  MAXIMUM         69    419 PM  89    1940  68      1       72
  MINIMUM         44    338 AM  28    1946  44      0       39
  AVERAGE         57                        56      1       56

PRECIPITATION (IN)
  YESTERDAY        0.06          1.18 2014   0.10  -0.04     0.00
  MONTH TO DATE    1.81                      1.28   0.53     1.16
  SINCE MAR 1      6.03                      6.08  -0.05     9.56
  SINCE JAN 1     11.91                      9.19   2.72    15.11

SNOWFALL (IN)
  YESTERDAY        0.0           0.0    MM   0.0    0.0      0.0
  MONTH TO DATE    0.0                       0.0    0.0      0.0
  SINCE MAR 1     19.6                       8.8   10.8      6.9
  SINCE JUL 1     85.3                      47.4   37.9     39.4
  SNOW DEPTH       0

DEGREE DAYS
 HEATING
  YESTERDAY        8                        10     -2        9
  MONTH TO DATE   80                       149    -69      201
  SINCE MAR 1   1879                      1668    211     1563
  SINCE JUL 1   6829                      6756     73     5712

 COOLING
  YESTERDAY        0                         1     -1        0
  MONTH TO DATE   16                         5     11        0
  SINCE MAR 1     16                         9      7        3
  SINCE JAN 1     16                         9      7        3
..................................................................


WIND (MPH)
  HIGHEST WIND SPEED    13   HIGHEST WIND DIRECTION     E (100)
  HIGHEST GUST SPEED    15   HIGHEST GUST DIRECTION     E (100)
  AVERAGE WIND SPEED     4.8


SKY COVER
  POSSIBLE SUNSHINE  MM
  AVERAGE SKY COVER 0.7


WEATHER CONDITIONS
 THE FOLLOWING WEATHER WAS RECORDED YESTERDAY.
  LIGHT RAIN
  FOG


RELATIVE HUMIDITY (PERCENT)
 HIGHEST    93           100 AM
 LOWEST     56           200 PM
 AVERAGE    75

..........................................................


THE FLINT MI CLIMATE NORMALS FOR TODAY
                         NORMAL    RECORD    YEAR
 MAXIMUM TEMPERATURE (F)   68        87      1962
                                             1940
 MINIMUM TEMPERATURE (F)   45        32      1997
                                             1984


SUNRISE AND SUNSET
MAY 14 2018...........SUNRISE   613 AM EDT   SUNSET   850 PM EDT
MAY 15 2018...........SUNRISE   612 AM EDT   SUNSET   851 PM EDT


-  INDICATES NEGATIVE NUMBERS.
R  INDICATES RECORD WAS SET OR TIED.
MM INDICATES DATA IS MISSING.
T  INDICATES TRACE AMOUNT.




$$
