000
CDUS43 KDTX 110602
CLIFNT


CLIMATE REPORT
NATIONAL WEATHER SERVICE DETROIT/PONTIAC MI
202 AM EDT FRI MAY 11 2018


...................................

...THE FLINT MI CLIMATE SUMMARY FOR MAY 10 2018...

CLIMATE NORMAL PERIOD 1981 TO 2010
CLIMATE RECORD PERIOD 1921 TO 2018


WEATHER ITEM   OBSERVED TIME   RECORD YEAR NORMAL DEPARTURE LAST
                VALUE   (LST)  VALUE       VALUE  FROM      YEAR
                                                  NORMAL
..................................................................
TEMPERATURE (F)
 YESTERDAY
  MAXIMUM         66    311 PM  92    1936  67     -1       68
  MINIMUM         47   1159 PM  22    1966  43      4       41
  AVERAGE         57                        55      2       55

PRECIPITATION (IN)
  YESTERDAY        T             1.50 1981   0.10  -0.10     0.05
  MONTH TO DATE    1.02                      0.99   0.03     1.11
  SINCE MAR 1      5.24                      5.79  -0.55     9.51
  SINCE JAN 1     11.12                      8.90   2.22    15.06

SNOWFALL (IN)
  YESTERDAY        0.0           0.0    MM   0.0    0.0     MM
  MONTH TO DATE    0.0                       0.0    0.0      0.0
  SINCE MAR 1     19.6                       8.8   10.8      6.9
  SINCE JUL 1     85.3                      47.4   37.9     39.4
  SNOW DEPTH       0

DEGREE DAYS
 HEATING
  YESTERDAY        8                        11     -3       10
  MONTH TO DATE   35                       119    -84      170
  SINCE MAR 1   1834                      1638    196     1532
  SINCE JUL 1   6784                      6726     58     5681

 COOLING
  YESTERDAY        0                         1     -1        0
  MONTH TO DATE   16                         2     14        0
  SINCE MAR 1     16                         6     10        3
  SINCE JAN 1     16                         6     10        3
..................................................................


WIND (MPH)
  HIGHEST WIND SPEED    24   HIGHEST WIND DIRECTION    NW (300)
  HIGHEST GUST SPEED    29   HIGHEST GUST DIRECTION     W (290)
  AVERAGE WIND SPEED    13.4


SKY COVER
  POSSIBLE SUNSHINE  MM
  AVERAGE SKY COVER 0.7


WEATHER CONDITIONS
 THE FOLLOWING WEATHER WAS RECORDED YESTERDAY.
  NO SIGNIFICANT WEATHER WAS OBSERVED.


RELATIVE HUMIDITY (PERCENT)
 HIGHEST    93           200 AM
 LOWEST     46          1000 PM
 AVERAGE    70

..........................................................


THE FLINT MI CLIMATE NORMALS FOR TODAY
                         NORMAL    RECORD    YEAR
 MAXIMUM TEMPERATURE (F)   67        90      1922
 MINIMUM TEMPERATURE (F)   44        29      1945


SUNRISE AND SUNSET
MAY 11 2018...........SUNRISE   616 AM EDT   SUNSET   847 PM EDT
MAY 12 2018...........SUNRISE   615 AM EDT   SUNSET   848 PM EDT


-  INDICATES NEGATIVE NUMBERS.
R  INDICATES RECORD WAS SET OR TIED.
MM INDICATES DATA IS MISSING.
T  INDICATES TRACE AMOUNT.




$$
