000
CDUS43 KDTX 210535
CLIFNT


CLIMATE REPORT
NATIONAL WEATHER SERVICE DETROIT/PONTIAC MI
135 AM EDT MON MAY 21 2018


...................................

...THE FLINT MI CLIMATE SUMMARY FOR MAY 20 2018...

CLIMATE NORMAL PERIOD 1981 TO 2010
CLIMATE RECORD PERIOD 1921 TO 2018


WEATHER ITEM   OBSERVED TIME   RECORD YEAR NORMAL DEPARTURE LAST
                VALUE   (LST)  VALUE       VALUE  FROM      YEAR
                                                  NORMAL
..................................................................
TEMPERATURE (F)
 YESTERDAY
  MAXIMUM         60    539 PM  92    1934  70    -10       67
                                      1921
  MINIMUM         48   1159 PM  32    1997  47      1       45
                                      1954
                                      1929
  AVERAGE         54                        58     -4       56

PRECIPITATION (IN)
  YESTERDAY        0.00          1.69 1996   0.10  -0.10     0.07
  MONTH TO DATE    2.64                      1.97   0.67     1.69
  SINCE MAR 1      6.86                      6.77   0.09    10.09
  SINCE JAN 1     12.74                      9.88   2.86    15.64

SNOWFALL (IN)
  YESTERDAY        0.0           T      MM   0.0    0.0      0.0
  MONTH TO DATE    0.0                       0.0    0.0      0.0
  SINCE MAR 1     19.6                       8.8   10.8      6.9
  SINCE JUL 1     85.3                      47.4   37.9     39.4
  SNOW DEPTH       0

DEGREE DAYS
 HEATING
  YESTERDAY       11                         8      3        9
  MONTH TO DATE  107                       210   -103      242
  SINCE MAR 1   1906                      1729    177     1604
  SINCE JUL 1   6856                      6817     39     5753

 COOLING
  YESTERDAY        0                         1     -1        0
  MONTH TO DATE   17                        12      5       17
  SINCE MAR 1     17                        16      1       20
  SINCE JAN 1     17                        16      1       20
..................................................................


WIND (MPH)
  HIGHEST WIND SPEED    15   HIGHEST WIND DIRECTION     N (360)
  HIGHEST GUST SPEED    19   HIGHEST GUST DIRECTION     N (360)
  AVERAGE WIND SPEED     5.5


SKY COVER
  POSSIBLE SUNSHINE  MM
  AVERAGE SKY COVER 0.8


WEATHER CONDITIONS
 THE FOLLOWING WEATHER WAS RECORDED YESTERDAY.
  FOG


RELATIVE HUMIDITY (PERCENT)
 HIGHEST   100           200 AM
 LOWEST     72           700 PM
 AVERAGE    86

..........................................................


THE FLINT MI CLIMATE NORMALS FOR TODAY
                         NORMAL    RECORD    YEAR
 MAXIMUM TEMPERATURE (F)   70        93      1921
 MINIMUM TEMPERATURE (F)   47        31      1954


SUNRISE AND SUNSET
MAY 21 2018...........SUNRISE   606 AM EDT   SUNSET   858 PM EDT
MAY 22 2018...........SUNRISE   605 AM EDT   SUNSET   858 PM EDT


-  INDICATES NEGATIVE NUMBERS.
R  INDICATES RECORD WAS SET OR TIED.
MM INDICATES DATA IS MISSING.
T  INDICATES TRACE AMOUNT.




$$
