000
CDUS43 KDTX 090541
CLIFNT


CLIMATE REPORT
NATIONAL WEATHER SERVICE DETROIT/PONTIAC MI
141 AM EDT MON APR 9 2018


...................................

...THE FLINT MI CLIMATE SUMMARY FOR APRIL 8 2018...

CLIMATE NORMAL PERIOD 1981 TO 2010
CLIMATE RECORD PERIOD 1921 TO 2018


WEATHER ITEM   OBSERVED TIME   RECORD YEAR NORMAL DEPARTURE LAST
                VALUE   (LST)  VALUE       VALUE  FROM      YEAR
                                                  NORMAL
..................................................................
TEMPERATURE (F)
 YESTERDAY
  MAXIMUM         38    449 PM  76    1991  54    -16       60
  MINIMUM         16    402 AM   8    1982  33    -17       28
  AVERAGE         27                        44    -17       44

PRECIPITATION (IN)
  YESTERDAY        0.00          0.91 2002   0.09  -0.09     0.00
  MONTH TO DATE    0.78                      0.72   0.06     2.76
  SINCE MAR 1      1.89                      2.63  -0.74     5.97
  SINCE JAN 1      7.77                      5.74   2.03    11.52

SNOWFALL (IN)
  YESTERDAY        0.0           2.3  2000   0.1   -0.1      0.0
  MONTH TO DATE    5.1                       1.0    4.1      1.5
  SINCE MAR 1     16.8                       7.5    9.3      6.9
  SINCE JUL 1     82.5                      46.1   36.4     39.4
  SNOW DEPTH       0

DEGREE DAYS
 HEATING
  YESTERDAY       38                        21     17       21
  MONTH TO DATE  279                       183     96      165
  SINCE MAR 1   1310                      1140    170     1123
  SINCE JUL 1   6260                      6228     32     5272

 COOLING
  YESTERDAY        0                         0      0        0
  MONTH TO DATE    0                         0      0        0
  SINCE MAR 1      0                         0      0        0
  SINCE JAN 1      0                         0      0        0
..................................................................


WIND (MPH)
  HIGHEST WIND SPEED    14   HIGHEST WIND DIRECTION     W (290)
  HIGHEST GUST SPEED    21   HIGHEST GUST DIRECTION     W (290)
  AVERAGE WIND SPEED     6.5


SKY COVER
  POSSIBLE SUNSHINE  MM
  AVERAGE SKY COVER 0.2


WEATHER CONDITIONS
 THE FOLLOWING WEATHER WAS RECORDED YESTERDAY.
  NO SIGNIFICANT WEATHER WAS OBSERVED.


RELATIVE HUMIDITY (PERCENT)
 HIGHEST    84           500 AM
 LOWEST     35           600 PM
 AVERAGE    60

..........................................................


THE FLINT MI CLIMATE NORMALS FOR TODAY
                         NORMAL    RECORD    YEAR
 MAXIMUM TEMPERATURE (F)   55        79      1931
 MINIMUM TEMPERATURE (F)   33        18      1997


SUNRISE AND SUNSET
APRIL  9 2018.........SUNRISE   703 AM EDT   SUNSET   811 PM EDT
APRIL 10 2018.........SUNRISE   701 AM EDT   SUNSET   812 PM EDT


-  INDICATES NEGATIVE NUMBERS.
R  INDICATES RECORD WAS SET OR TIED.
MM INDICATES DATA IS MISSING.
T  INDICATES TRACE AMOUNT.




$$
