000
CDUS43 KDTX 160536
CLIFNT


CLIMATE REPORT
NATIONAL WEATHER SERVICE DETROIT/PONTIAC MI
136 AM EDT WED MAY 16 2018


...................................

...THE FLINT MI CLIMATE SUMMARY FOR MAY 15 2018...

CLIMATE NORMAL PERIOD 1981 TO 2010
CLIMATE RECORD PERIOD 1921 TO 2018


WEATHER ITEM   OBSERVED TIME   RECORD YEAR NORMAL DEPARTURE LAST
                VALUE   (LST)  VALUE       VALUE  FROM      YEAR
                                                  NORMAL
..................................................................
TEMPERATURE (F)
 YESTERDAY
  MAXIMUM         73    446 PM  90    1962  68      5       74
  MINIMUM         51   1155 PM  30    1973  45      6       37
  AVERAGE         62                        56      6       56

PRECIPITATION (IN)
  YESTERDAY        0.47          1.04 1922   0.10   0.37     0.00
  MONTH TO DATE    2.28                      1.48   0.80     1.16
  SINCE MAR 1      6.50                      6.28   0.22     9.56
  SINCE JAN 1     12.38                      9.39   2.99    15.11

SNOWFALL (IN)
  YESTERDAY        0.0           T    2016   0.0    0.0      0.0
  MONTH TO DATE    0.0                       0.0    0.0      0.0
  SINCE MAR 1     19.6                       8.8   10.8      6.9
  SINCE JUL 1     85.3                      47.4   37.9     39.4
  SNOW DEPTH       0

DEGREE DAYS
 HEATING
  YESTERDAY        3                         9     -6        9
  MONTH TO DATE   85                       168    -83      218
  SINCE MAR 1   1884                      1687    197     1580
  SINCE JUL 1   6834                      6775     59     5729

 COOLING
  YESTERDAY        0                         1     -1        0
  MONTH TO DATE   16                         7      9        0
  SINCE MAR 1     16                        11      5        3
  SINCE JAN 1     16                        11      5        3
..................................................................


WIND (MPH)
  HIGHEST WIND SPEED    16   HIGHEST WIND DIRECTION    NE (50)
  HIGHEST GUST SPEED    20   HIGHEST GUST DIRECTION    NE (60)
  AVERAGE WIND SPEED     6.9


SKY COVER
  POSSIBLE SUNSHINE  MM
  AVERAGE SKY COVER 0.6


WEATHER CONDITIONS
 THE FOLLOWING WEATHER WAS RECORDED YESTERDAY.
  THUNDERSTORM
  HEAVY RAIN
  LIGHT RAIN
  FOG


RELATIVE HUMIDITY (PERCENT)
 HIGHEST   100           300 AM
 LOWEST     53           300 PM
 AVERAGE    77

..........................................................


THE FLINT MI CLIMATE NORMALS FOR TODAY
                         NORMAL    RECORD    YEAR
 MAXIMUM TEMPERATURE (F)   69        90      1962
 MINIMUM TEMPERATURE (F)   45        30      1921


SUNRISE AND SUNSET
MAY 16 2018...........SUNRISE   611 AM EDT   SUNSET   852 PM EDT
MAY 17 2018...........SUNRISE   610 AM EDT   SUNSET   853 PM EDT


-  INDICATES NEGATIVE NUMBERS.
R  INDICATES RECORD WAS SET OR TIED.
MM INDICATES DATA IS MISSING.
T  INDICATES TRACE AMOUNT.




$$
