000
CDUS43 KDTX 100831
CLIFNT

CLIMATE REPORT
NATIONAL WEATHER SERVICE DETROIT/PONTIAC MI
143 AM EDT THU MAY 10 2018


...................................

...THE FLINT MI CLIMATE SUMMARY FOR MAY 9 2018...

CLIMATE NORMAL PERIOD 1981 TO 2010
CLIMATE RECORD PERIOD 1921 TO 2018


WEATHER ITEM   OBSERVED TIME   RECORD YEAR NORMAL DEPARTURE LAST
                VALUE   (LST)  VALUE       VALUE  FROM      YEAR
                                                  NORMAL
..................................................................
TEMPERATURE (F)
 YESTERDAY
  MAXIMUM         78    202 PM  89    1930  66     12       64
  MINIMUM         49    551 AM  26    1947  43      6       28
  AVERAGE         64                        55      9       46

PRECIPITATION (IN)
  YESTERDAY           M          2.23 1969   0.10  -0.10     0.00
  MONTH TO DATE    0.74                      0.89  -0.15     1.06
  SINCE MAR 1      4.96                      5.69  -0.74     9.46
  SINCE JAN 1     10.84                      8.80   2.12    15.01

SNOWFALL (IN)
  YESTERDAY        0.0           T      MM   0.0    0.0      0.0
  MONTH TO DATE    0.0                       0.0    0.0      0.0
  SINCE MAR 1     19.6                       8.8   10.8      6.9
  SINCE JUL 1     85.3                      47.4   37.9     39.4
  SNOW DEPTH       0

DEGREE DAYS
 HEATING
  YESTERDAY        1                        11    -10       19
  MONTH TO DATE   27                       108    -81      160
  SINCE MAR 1   1826                      1627    199     1522
  SINCE JUL 1   6776                      6715     61     5671

 COOLING
  YESTERDAY        0                         1     -1        0
  MONTH TO DATE   16                         1     15        0
  SINCE MAR 1     16                         5     11        3
  SINCE JAN 1     16                         5     11        3
..................................................................


WIND (MPH)
  HIGHEST WIND SPEED    20   HIGHEST WIND DIRECTION     S (170)
  HIGHEST GUST SPEED    31   HIGHEST GUST DIRECTION     S (170)
  AVERAGE WIND SPEED    13.4


SKY COVER
  POSSIBLE SUNSHINE  MM
  AVERAGE SKY COVER 0.2


WEATHER CONDITIONS
 THE FOLLOWING WEATHER WAS RECORDED YESTERDAY.
  THUNDERSTORM
  LIGHT RAIN


RELATIVE HUMIDITY (PERCENT)
 HIGHEST    71           300 AM
 LOWEST     35           200 PM
 AVERAGE    53

..........................................................


THE FLINT MI CLIMATE NORMALS FOR TODAY
                         NORMAL    RECORD    YEAR
 MAXIMUM TEMPERATURE (F)   67        92      1936
 MINIMUM TEMPERATURE (F)   43        22      1966


SUNRISE AND SUNSET
MAY 10 2018...........SUNRISE   617 AM EDT   SUNSET   846 PM EDT
MAY 11 2018...........SUNRISE   616 AM EDT   SUNSET   847 PM EDT


-  INDICATES NEGATIVE NUMBERS.
R  INDICATES RECORD WAS SET OR TIED.
MM INDICATES DATA IS MISSING.
T  INDICATES TRACE AMOUNT.




$$
