000
CDUS43 KDTX 120538
CLIFNT


CLIMATE REPORT
NATIONAL WEATHER SERVICE DETROIT/PONTIAC MI
137 AM EDT SAT MAY 12 2018


...................................

...THE FLINT MI CLIMATE SUMMARY FOR MAY 11 2018...

CLIMATE NORMAL PERIOD 1981 TO 2010
CLIMATE RECORD PERIOD 1921 TO 2018


WEATHER ITEM   OBSERVED TIME   RECORD YEAR NORMAL DEPARTURE LAST
                VALUE   (LST)  VALUE       VALUE  FROM      YEAR
                                                  NORMAL
..................................................................
TEMPERATURE (F)
 YESTERDAY
  MAXIMUM         48    107 AM  90    1922  67    -19       65
  MINIMUM         38    547 AM  29    1945  44     -6       45
  AVERAGE         43                        55    -12       55

PRECIPITATION (IN)
  YESTERDAY        0.46          1.48 1943   0.09   0.37     0.05
  MONTH TO DATE    1.48                      1.08   0.40     1.16
  SINCE MAR 1      5.70                      5.88  -0.18     9.56
  SINCE JAN 1     11.58                      8.99   2.59    15.11

SNOWFALL (IN)
  YESTERDAY        0.0           0.0    MM   0.0    0.0     MM
  MONTH TO DATE    0.0                       0.0    0.0      0.0
  SINCE MAR 1     19.6                       8.8   10.8      6.9
  SINCE JUL 1     85.3                      47.4   37.9     39.4
  SNOW DEPTH       0

DEGREE DAYS
 HEATING
  YESTERDAY       22                        10     12       10
  MONTH TO DATE   57                       129    -72      180
  SINCE MAR 1   1856                      1648    208     1542
  SINCE JUL 1   6806                      6736     70     5691

 COOLING
  YESTERDAY        0                         1     -1        0
  MONTH TO DATE   16                         3     13        0
  SINCE MAR 1     16                         7      9        3
  SINCE JAN 1     16                         7      9        3
..................................................................


WIND (MPH)
  HIGHEST WIND SPEED    18   HIGHEST WIND DIRECTION     E (80)
  HIGHEST GUST SPEED    24   HIGHEST GUST DIRECTION    NE (30)
  AVERAGE WIND SPEED     9.5


SKY COVER
  POSSIBLE SUNSHINE  MM
  AVERAGE SKY COVER 0.7


WEATHER CONDITIONS
 THE FOLLOWING WEATHER WAS RECORDED YESTERDAY.
  RAIN
  LIGHT RAIN
  FOG


RELATIVE HUMIDITY (PERCENT)
 HIGHEST   100           700 PM
 LOWEST     42           100 AM
 AVERAGE    71

..........................................................


THE FLINT MI CLIMATE NORMALS FOR TODAY
                         NORMAL    RECORD    YEAR
 MAXIMUM TEMPERATURE (F)   67        88      1991
 MINIMUM TEMPERATURE (F)   44        29      1946


SUNRISE AND SUNSET
MAY 12 2018...........SUNRISE   615 AM EDT   SUNSET   848 PM EDT
MAY 13 2018...........SUNRISE   614 AM EDT   SUNSET   849 PM EDT


-  INDICATES NEGATIVE NUMBERS.
R  INDICATES RECORD WAS SET OR TIED.
MM INDICATES DATA IS MISSING.
T  INDICATES TRACE AMOUNT.




$$
