000
CDUS43 KDTX 301251 CCA
CLIFNT

CLIMATE REPORT
NATIONAL WEATHER SERVICE DETROIT/PONTIAC MI
150 AM EDT FRI MAR 30 2018


...................................

...THE FLINT MI CLIMATE SUMMARY FOR MARCH 29 2018...

CLIMATE NORMAL PERIOD 1981 TO 2010
CLIMATE RECORD PERIOD 1921 TO 2018


WEATHER ITEM   OBSERVED TIME   RECORD YEAR NORMAL DEPARTURE LAST
                VALUE   (LST)  VALUE       VALUE  FROM      YEAR
                                                  NORMAL
..................................................................
TEMPERATURE (F)
 YESTERDAY
  MAXIMUM         45    357 PM  77    1963  49     -4       55
                                      1946
  MINIMUM         39   1159 PM  12    1923  29     10       26
  AVERAGE         42                        39      3       41

PRECIPITATION (IN)
  YESTERDAY        0.14          0.94 1973   0.08   0.06     0.00
  MONTH TO DATE    0.98                      1.76  -0.78     2.06
  SINCE MAR 1      0.98                      1.76  -0.78     2.06
  SINCE JAN 1      6.86                      4.87   1.99     7.61

SNOWFALL (IN)
  YESTERDAY        0             6.0  1954   0.1   -0.1      0.0
  MONTH TO DATE   11.7                       6.2    5.5      5.4
  SINCE MAR 1     11.7                       6.2    5.5      5.4
  SINCE JUL 1     77.4                      44.8   32.6     37.9
  SNOW DEPTH       0

DEGREE DAYS
 HEATING
  YESTERDAY       23                        26     -3       24
  MONTH TO DATE  975                       906     69      903
  SINCE MAR 1    975                       906     69      903
  SINCE JUL 1   5925                      5994    -69     5052

 COOLING
  YESTERDAY        0                         0      0        0
  MONTH TO DATE    0                         0      0        0
  SINCE MAR 1      0                         0      0        0
  SINCE JAN 1      0                         0      0        0
..................................................................


WIND (MPH)
  HIGHEST WIND SPEED    15   HIGHEST WIND DIRECTION    NE (30)
  HIGHEST GUST SPEED    19   HIGHEST GUST DIRECTION     N (20)
  AVERAGE WIND SPEED     6.2


SKY COVER
  POSSIBLE SUNSHINE  MM
  AVERAGE SKY COVER 1.0


WEATHER CONDITIONS
 THE FOLLOWING WEATHER WAS RECORDED YESTERDAY.
  LIGHT RAIN
  FOG
  HAZE


RELATIVE HUMIDITY (PERCENT)
 HIGHEST   100           500 AM
 LOWEST     76           400 PM
 AVERAGE    88

..........................................................


THE FLINT MI CLIMATE NORMALS FOR TODAY
                         NORMAL    RECORD    YEAR
 MAXIMUM TEMPERATURE (F)   50        79      1998
 MINIMUM TEMPERATURE (F)   30         4      1954


SUNRISE AND SUNSET
MARCH 30 2018.........SUNRISE   721 AM EDT   SUNSET   759 PM EDT
MARCH 31 2018.........SUNRISE   719 AM EDT   SUNSET   800 PM EDT


-  INDICATES NEGATIVE NUMBERS.
R  INDICATES RECORD WAS SET OR TIED.
MM INDICATES DATA IS MISSING.
T  INDICATES TRACE AMOUNT.




$$
