000
CDUS43 KDTX 202025
CLIFNT


CLIMATE REPORT
NATIONAL WEATHER SERVICE DETROIT/PONTIAC MI
425 PM EDT FRI APR 20 2018


...................................

...THE FLINT MI CLIMATE SUMMARY FOR APRIL 20 2018...
VALID TODAY AS OF 0400 PM LOCAL TIME.

CLIMATE NORMAL PERIOD 1981 TO 2010
CLIMATE RECORD PERIOD 1921 TO 2018


WEATHER ITEM   OBSERVED TIME   RECORD YEAR NORMAL DEPARTURE LAST
                VALUE   (LST)  VALUE       VALUE  FROM      YEAR
                                                  NORMAL
..................................................................
TEMPERATURE (F)
 TODAY
  MAXIMUM         54    255 PM  83    1987  59     -5       62
  MINIMUM         28    608 AM  24    1956  37     -9       45
                                      1928
  AVERAGE         41                        48     -7       54

PRECIPITATION (IN)
  TODAY            0.00          2.25 2000   0.09  -0.09     0.87
  MONTH TO DATE    3.06                      1.94   1.12     3.95
  SINCE MAR 1      4.17                      3.85   0.32     7.16
  SINCE JAN 1     10.05                      6.96   3.09    12.71

SNOWFALL (IN)
  TODAY            0.0           0.1    MM   0.0    0.0      0.0
  MONTH TO DATE    7.9                       2.0    5.9      1.5
  SINCE MAR 1     19.6                       8.5   11.1      6.9
  SINCE JUL 1     85.3                      47.1   38.2     39.4
  SNOW DEPTH       0

DEGREE DAYS
 HEATING
  TODAY           24                        17      7       11
  MONTH TO DATE  595                       411    184      287
  SINCE MAR 1   1626                      1368    258     1245
  SINCE JUL 1   6576                      6456    120     5394

 COOLING
  TODAY            0                         0      0        0
  MONTH TO DATE    0                         0      0        1
  SINCE MAR 1      0                         0      0        1
  SINCE JAN 1      0                         0      0        1
..................................................................


WIND (MPH)
  HIGHEST WIND SPEED    16   HIGHEST WIND DIRECTION    NE (40)
  HIGHEST GUST SPEED    20   HIGHEST GUST DIRECTION     N (10)
  AVERAGE WIND SPEED     6.9


SKY COVER
  POSSIBLE SUNSHINE  MM
  AVERAGE SKY COVER 0.0


WEATHER CONDITIONS
 THE FOLLOWING WEATHER WAS RECORDED TODAY.
  NO SIGNIFICANT WEATHER WAS OBSERVED.


RELATIVE HUMIDITY (PERCENT)
 HIGHEST    72           100 AM
 LOWEST     26           200 PM
 AVERAGE    49

..........................................................


THE FLINT MI CLIMATE NORMALS FOR TOMORROW
                         NORMAL    RECORD    YEAR
 MAXIMUM TEMPERATURE (F)   60        84      1985
 MINIMUM TEMPERATURE (F)   37        23      2013


SUNRISE AND SUNSET
APRIL 20 2018.........SUNRISE   645 AM EDT   SUNSET   823 PM EDT
APRIL 21 2018.........SUNRISE   644 AM EDT   SUNSET   824 PM EDT


-  INDICATES NEGATIVE NUMBERS.
R  INDICATES RECORD WAS SET OR TIED.
MM INDICATES DATA IS MISSING.
T  INDICATES TRACE AMOUNT.




$$
