000
CDUS43 KDTX 162028
CLIFNT


CLIMATE REPORT
NATIONAL WEATHER SERVICE DETROIT/PONTIAC MI
428 PM EDT WED MAY 16 2018


...................................

...THE FLINT MI CLIMATE SUMMARY FOR MAY 16 2018...
VALID TODAY AS OF 0400 PM LOCAL TIME.

CLIMATE NORMAL PERIOD 1981 TO 2010
CLIMATE RECORD PERIOD 1921 TO 2018


WEATHER ITEM   OBSERVED TIME   RECORD YEAR NORMAL DEPARTURE LAST
                VALUE   (LST)  VALUE       VALUE  FROM      YEAR
                                                  NORMAL
..................................................................
TEMPERATURE (F)
 TODAY
  MAXIMUM         78    258 PM  90    1962  69      9       85
  MINIMUM         45    457 AM  30    1921  45      0       50
  AVERAGE         62                        57      5       68

PRECIPITATION (IN)
  TODAY            0.00          2.16 1974   0.09  -0.09     0.45
  MONTH TO DATE    2.28                      1.57   0.71     1.61
  SINCE MAR 1      6.50                      6.37   0.13    10.01
  SINCE JAN 1     12.38                      9.48   2.90    15.56

SNOWFALL (IN)
  TODAY            0.0           0.0    MM   0.0    0.0      0.0
  MONTH TO DATE    0.0                       0.0    0.0      0.0
  SINCE MAR 1     19.6                       8.8   10.8      6.9
  SINCE JUL 1     85.3                      47.4   37.9     39.4
  SNOW DEPTH       0

DEGREE DAYS
 HEATING
  TODAY            3                         9     -6        0
  MONTH TO DATE   88                       177    -89      218
  SINCE MAR 1   1887                      1696    191     1580
  SINCE JUL 1   6837                      6784     53     5729

 COOLING
  TODAY            0                         1     -1        3
  MONTH TO DATE   16                         8      8        3
  SINCE MAR 1     16                        12      4        6
  SINCE JAN 1     16                        12      4        6
..................................................................


WIND (MPH)
  HIGHEST WIND SPEED    10   HIGHEST WIND DIRECTION    NW (320)
  HIGHEST GUST SPEED    14   HIGHEST GUST DIRECTION    NW (320)
  AVERAGE WIND SPEED     2.0


SKY COVER
  POSSIBLE SUNSHINE  MM
  AVERAGE SKY COVER 0.0


WEATHER CONDITIONS
 THE FOLLOWING WEATHER WAS RECORDED TODAY.
  NO SIGNIFICANT WEATHER WAS OBSERVED.


RELATIVE HUMIDITY (PERCENT)
 HIGHEST    86           500 AM
 LOWEST     42           300 PM
 AVERAGE    64

..........................................................


THE FLINT MI CLIMATE NORMALS FOR TOMORROW
                         NORMAL    RECORD    YEAR
 MAXIMUM TEMPERATURE (F)   69        89      1962
 MINIMUM TEMPERATURE (F)   46        29      1973


SUNRISE AND SUNSET
MAY 16 2018...........SUNRISE   611 AM EDT   SUNSET   852 PM EDT
MAY 17 2018...........SUNRISE   610 AM EDT   SUNSET   853 PM EDT


-  INDICATES NEGATIVE NUMBERS.
R  INDICATES RECORD WAS SET OR TIED.
MM INDICATES DATA IS MISSING.
T  INDICATES TRACE AMOUNT.




$$
