000
CDUS43 KDTX 072034
CLIFNT


CLIMATE REPORT
NATIONAL WEATHER SERVICE DETROIT/PONTIAC MI
434 PM EDT MON MAY 7 2018


...................................

...THE FLINT MI CLIMATE SUMMARY FOR MAY 7 2018...
VALID TODAY AS OF 0400 PM LOCAL TIME.

CLIMATE NORMAL PERIOD 1981 TO 2010
CLIMATE RECORD PERIOD 1921 TO 2018


WEATHER ITEM   OBSERVED TIME   RECORD YEAR NORMAL DEPARTURE LAST
                VALUE   (LST)  VALUE       VALUE  FROM      YEAR
                                                  NORMAL
..................................................................
TEMPERATURE (F)
 TODAY
  MAXIMUM         67    217 PM  88    1936  66      1       55
  MINIMUM         37    452 AM  26    1997  42     -5       33
  AVERAGE         52                        54     -2       44

PRECIPITATION (IN)
  TODAY            0.00          1.25 2010   0.10  -0.10     0.00
  MONTH TO DATE    0.74                      0.69   0.05     1.06
  SINCE MAR 1      4.96                      5.49  -0.53     9.46
  SINCE JAN 1     10.84                      8.60   2.24    15.01

SNOWFALL (IN)
  TODAY            0.0           0.0    MM   0.0    0.0      0.0
  MONTH TO DATE    0.0                       0.0    0.0      0.0
  SINCE MAR 1     19.6                       8.8   10.8      6.9
  SINCE JUL 1     85.3                      47.4   37.9     39.4
  SNOW DEPTH       0

DEGREE DAYS
 HEATING
  TODAY           13                        11      2       21
  MONTH TO DATE   25                        86    -61      119
  SINCE MAR 1   1824                      1605    219     1481
  SINCE JUL 1   6774                      6693     81     5630

 COOLING
  TODAY            0                         0      0        0
  MONTH TO DATE   16                         0     16        0
  SINCE MAR 1     16                         4     12        3
  SINCE JAN 1     16                         4     12        3
..................................................................


WIND (MPH)
  HIGHEST WIND SPEED    14   HIGHEST WIND DIRECTION    NE (30)
  HIGHEST GUST SPEED    18   HIGHEST GUST DIRECTION    NE (30)
  AVERAGE WIND SPEED     3.4


SKY COVER
  POSSIBLE SUNSHINE  MM
  AVERAGE SKY COVER 0.0


WEATHER CONDITIONS
 THE FOLLOWING WEATHER WAS RECORDED TODAY.
  NO SIGNIFICANT WEATHER WAS OBSERVED.


RELATIVE HUMIDITY (PERCENT)
 HIGHEST    92           500 AM
 LOWEST     32           300 PM
 AVERAGE    62

..........................................................


THE FLINT MI CLIMATE NORMALS FOR TOMORROW
                         NORMAL    RECORD    YEAR
 MAXIMUM TEMPERATURE (F)   66        88      1936
 MINIMUM TEMPERATURE (F)   43        28      2017
                                             1950
                                             1947


SUNRISE AND SUNSET
MAY  7 2018...........SUNRISE   621 AM EDT   SUNSET   843 PM EDT
MAY  8 2018...........SUNRISE   620 AM EDT   SUNSET   844 PM EDT


-  INDICATES NEGATIVE NUMBERS.
R  INDICATES RECORD WAS SET OR TIED.
MM INDICATES DATA IS MISSING.
T  INDICATES TRACE AMOUNT.




$$
