489
CDUS43 KDTX 172045
CLIFNT


CLIMATE REPORT
NATIONAL WEATHER SERVICE DETROIT/PONTIAC MI
445 PM EDT TUE APR 17 2018


...................................

...THE FLINT MI CLIMATE SUMMARY FOR APRIL 17 2018...
VALID TODAY AS OF 0400 PM LOCAL TIME.

CLIMATE NORMAL PERIOD 1981 TO 2010
CLIMATE RECORD PERIOD 1921 TO 2018


WEATHER ITEM   OBSERVED TIME   RECORD YEAR NORMAL DEPARTURE LAST
                VALUE   (LST)  VALUE       VALUE  FROM      YEAR
                                                  NORMAL
..................................................................
TEMPERATURE (F)
 TODAY
  MAXIMUM         34    259 PM  84    1964  58    -24       65
  MINIMUM         27    747 AM  22    1962  36     -9       36
  AVERAGE         31                        47    -16       51

PRECIPITATION (IN)
  TODAY            T             1.96 1967   0.11  -0.11     0.00
  MONTH TO DATE    2.97                      1.65   1.32     3.00
  SINCE MAR 1      4.08                      3.56   0.52     6.21
  SINCE JAN 1      9.96                      6.67   3.29    11.76

SNOWFALL (IN)
  TODAY           MM             6.2  1983   0.1   MM        0.0
  MONTH TO DATE    7.3                       1.8    5.5      1.5
  SINCE MAR 1     19.0                       8.3   10.7      6.9
  SINCE JUL 1     84.7                      46.9   37.8     39.4
  SNOW DEPTH       0

DEGREE DAYS
 HEATING
  TODAY           34                        18     16       14
  MONTH TO DATE  518                       359    159      256
  SINCE MAR 1   1549                      1316    233     1214
  SINCE JUL 1   6499                      6404     95     5363

 COOLING
  TODAY            0                         0      0        0
  MONTH TO DATE    0                         0      0        1
  SINCE MAR 1      0                         0      0        1
  SINCE JAN 1      0                         0      0        1
..................................................................


WIND (MPH)
  HIGHEST WIND SPEED    26   HIGHEST WIND DIRECTION    NW (300)
  HIGHEST GUST SPEED    32   HIGHEST GUST DIRECTION    NW (300)
  AVERAGE WIND SPEED    17.0


SKY COVER
  POSSIBLE SUNSHINE  MM
  AVERAGE SKY COVER 1.0


WEATHER CONDITIONS
 THE FOLLOWING WEATHER WAS RECORDED TODAY.
  LIGHT SNOW
  FOG


RELATIVE HUMIDITY (PERCENT)
 HIGHEST    85           400 AM
 LOWEST     63          1000 AM
 AVERAGE    74

..........................................................


THE FLINT MI CLIMATE NORMALS FOR TOMORROW
                         NORMAL    RECORD    YEAR
 MAXIMUM TEMPERATURE (F)   59        87      2004
 MINIMUM TEMPERATURE (F)   36        22      1990
                                             1921


SUNRISE AND SUNSET
APRIL 17 2018.........SUNRISE   650 AM EDT   SUNSET   820 PM EDT
APRIL 18 2018.........SUNRISE   648 AM EDT   SUNSET   821 PM EDT


-  INDICATES NEGATIVE NUMBERS.
R  INDICATES RECORD WAS SET OR TIED.
MM INDICATES DATA IS MISSING.
T  INDICATES TRACE AMOUNT.




$$
