000
CDUS43 KDTX 010547
CLIFNT


CLIMATE REPORT
NATIONAL WEATHER SERVICE DETROIT/PONTIAC MI
146 AM EDT SUN APR 1 2018


...................................

...THE FLINT MI CLIMATE SUMMARY FOR MARCH 31 2018...

CLIMATE NORMAL PERIOD 1981 TO 2010
CLIMATE RECORD PERIOD 1921 TO 2018


WEATHER ITEM   OBSERVED TIME   RECORD YEAR NORMAL DEPARTURE LAST
                VALUE   (LST)  VALUE       VALUE  FROM      YEAR
                                                  NORMAL
..................................................................
TEMPERATURE (F)
 YESTERDAY
  MAXIMUM         47    548 PM  77    1943  50     -3       39
  MINIMUM         29   1155 PM   0    1923  30     -1       35
  AVERAGE         38                        40     -2       37

PRECIPITATION (IN)
  YESTERDAY        0.13          1.41 1949   0.08   0.05     0.06
  MONTH TO DATE    1.11                      1.91  -0.80     3.21
  SINCE MAR 1      1.11                      1.91  -0.80     3.21
  SINCE JAN 1      6.99                      5.02   1.97     8.76

SNOWFALL (IN)
  YESTERDAY        T             2.0  2011   0.1   -0.1      0.0
  MONTH TO DATE   11.7                       6.5    5.2      5.4
  SINCE MAR 1     11.7                       6.5    5.2      5.4
  SINCE JUL 1     77.4                      45.1   32.3     37.9
  SNOW DEPTH       0

DEGREE DAYS
 HEATING
  YESTERDAY       27                        25      2       28
  MONTH TO DATE 1031                       956     75      958
  SINCE MAR 1   1031                       957     74      958
  SINCE JUL 1   5981                      6045    -64     5107

 COOLING
  YESTERDAY        0                         0      0        0
  MONTH TO DATE    0                         0      0        0
  SINCE MAR 1      0                         0      0        0
  SINCE JAN 1      0                         0      0        0
..................................................................


WIND (MPH)
  HIGHEST WIND SPEED    28   HIGHEST WIND DIRECTION    NW (310)
  HIGHEST GUST SPEED    38   HIGHEST GUST DIRECTION    SW (210)
  AVERAGE WIND SPEED    14.9


SKY COVER
  POSSIBLE SUNSHINE  MM
  AVERAGE SKY COVER 0.7


WEATHER CONDITIONS
 THE FOLLOWING WEATHER WAS RECORDED YESTERDAY.
  LIGHT RAIN
  FOG


RELATIVE HUMIDITY (PERCENT)
 HIGHEST    86           100 PM
 LOWEST     52          1200 AM
 AVERAGE    69

..........................................................


THE FLINT MI CLIMATE NORMALS FOR TODAY
                         NORMAL    RECORD    YEAR
 MAXIMUM TEMPERATURE (F)   51        79      2010
 MINIMUM TEMPERATURE (F)   31         7      1923


SUNRISE AND SUNSET
APRIL  1 2018.........SUNRISE   717 AM EDT   SUNSET   801 PM EDT
APRIL  2 2018.........SUNRISE   715 AM EDT   SUNSET   802 PM EDT


-  INDICATES NEGATIVE NUMBERS.
R  INDICATES RECORD WAS SET OR TIED.
MM INDICATES DATA IS MISSING.
T  INDICATES TRACE AMOUNT.




$$
