308
CDUS43 KDTX 192027
CLIFNT


CLIMATE REPORT
NATIONAL WEATHER SERVICE DETROIT/PONTIAC MI
426 PM EDT THU APR 19 2018


...................................

...THE FLINT MI CLIMATE SUMMARY FOR APRIL 19 2018...
VALID TODAY AS OF 0400 PM LOCAL TIME.

CLIMATE NORMAL PERIOD 1981 TO 2010
CLIMATE RECORD PERIOD 1921 TO 2018


WEATHER ITEM   OBSERVED TIME   RECORD YEAR NORMAL DEPARTURE LAST
                VALUE   (LST)  VALUE       VALUE  FROM      YEAR
                                                  NORMAL
..................................................................
TEMPERATURE (F)
 TODAY
  MAXIMUM         50    259 PM  83    2005  59     -9       72
  MINIMUM         30    626 AM  22    1926  37     -7       47
  AVERAGE         40                        48     -8       60

PRECIPITATION (IN)
  TODAY            0.00          1.29 1941   0.10  -0.10     0.08
  MONTH TO DATE    3.06                      1.85   1.21     3.08
  SINCE MAR 1      4.17                      3.76   0.41     6.29
  SINCE JAN 1     10.05                      6.87   3.18    11.84

SNOWFALL (IN)
  TODAY            0.0           0.8    MM   0.1   -0.1      0.0
  MONTH TO DATE    7.9                       2.0    5.9      1.5
  SINCE MAR 1     19.6                       8.5   11.1      6.9
  SINCE JUL 1     85.3                      47.1   38.2     39.4
  SNOW DEPTH       0

DEGREE DAYS
 HEATING
  TODAY           25                        17      8        5
  MONTH TO DATE  572                       394    178      276
  SINCE MAR 1   1603                      1351    252     1234
  SINCE JUL 1   6553                      6439    114     5383

 COOLING
  TODAY            0                         0      0        0
  MONTH TO DATE    0                         0      0        1
  SINCE MAR 1      0                         0      0        1
  SINCE JAN 1      0                         0      0        1
..................................................................


WIND (MPH)
  HIGHEST WIND SPEED    24   HIGHEST WIND DIRECTION    NW (320)
  HIGHEST GUST SPEED    30   HIGHEST GUST DIRECTION    NW (300)
  AVERAGE WIND SPEED    11.1


SKY COVER
  POSSIBLE SUNSHINE  MM
  AVERAGE SKY COVER 0.3


WEATHER CONDITIONS
 THE FOLLOWING WEATHER WAS RECORDED TODAY.
  NO SIGNIFICANT WEATHER WAS OBSERVED.


RELATIVE HUMIDITY (PERCENT)
 HIGHEST    85           500 AM
 LOWEST     32           300 PM
 AVERAGE    59

..........................................................


THE FLINT MI CLIMATE NORMALS FOR TOMORROW
                         NORMAL    RECORD    YEAR
 MAXIMUM TEMPERATURE (F)   59        83      1987
 MINIMUM TEMPERATURE (F)   37        24      1956
                                             1928


SUNRISE AND SUNSET
APRIL 19 2018.........SUNRISE   647 AM EDT   SUNSET   822 PM EDT
APRIL 20 2018.........SUNRISE   645 AM EDT   SUNSET   823 PM EDT


-  INDICATES NEGATIVE NUMBERS.
R  INDICATES RECORD WAS SET OR TIED.
MM INDICATES DATA IS MISSING.
T  INDICATES TRACE AMOUNT.




$$
