628
CDUS43 KDTX 200538
CLIFNT


CLIMATE REPORT
NATIONAL WEATHER SERVICE DETROIT/PONTIAC MI
138 AM EDT SUN MAY 20 2018


...................................

...THE FLINT MI CLIMATE SUMMARY FOR MAY 19 2018...

CLIMATE NORMAL PERIOD 1981 TO 2010
CLIMATE RECORD PERIOD 1921 TO 2018


WEATHER ITEM   OBSERVED TIME   RECORD YEAR NORMAL DEPARTURE LAST
                VALUE   (LST)  VALUE       VALUE  FROM      YEAR
                                                  NORMAL
..................................................................
TEMPERATURE (F)
 YESTERDAY
  MAXIMUM         75    413 PM  89    1996  70      5       56
  MINIMUM         56    432 AM  29    2002  46     10       44
  AVERAGE         66                        58      8       50

PRECIPITATION (IN)
  YESTERDAY        0.36          1.19 1949   0.10   0.26     0.01
  MONTH TO DATE    2.64                      1.87   0.77     1.62
  SINCE MAR 1      6.86                      6.67   0.19    10.02
  SINCE JAN 1     12.74                      9.78   2.96    15.57

SNOWFALL (IN)
  YESTERDAY        0.0           T      MM   0.0    0.0      0.0
  MONTH TO DATE    0.0                       0.0    0.0      0.0
  SINCE MAR 1     19.6                       8.8   10.8      6.9
  SINCE JUL 1     85.3                      47.4   37.9     39.4
  SNOW DEPTH       0

DEGREE DAYS
 HEATING
  YESTERDAY        0                         8     -8       15
  MONTH TO DATE   96                       202   -106      233
  SINCE MAR 1   1895                      1721    174     1595
  SINCE JUL 1   6845                      6809     36     5744

 COOLING
  YESTERDAY        1                         1      0        0
  MONTH TO DATE   17                        11      6       17
  SINCE MAR 1     17                        15      2       20
  SINCE JAN 1     17                        15      2       20
..................................................................


WIND (MPH)
  HIGHEST WIND SPEED    22   HIGHEST WIND DIRECTION    NW (300)
  HIGHEST GUST SPEED    26   HIGHEST GUST DIRECTION    NW (300)
  AVERAGE WIND SPEED     9.4


SKY COVER
  POSSIBLE SUNSHINE  MM
  AVERAGE SKY COVER 1.0


WEATHER CONDITIONS
 THE FOLLOWING WEATHER WAS RECORDED YESTERDAY.
  THUNDERSTORM
  HEAVY RAIN
  RAIN
  LIGHT RAIN
  FOG


RELATIVE HUMIDITY (PERCENT)
 HIGHEST   100           700 AM
 LOWEST     60          1200 AM
 AVERAGE    80

..........................................................


THE FLINT MI CLIMATE NORMALS FOR TODAY
                         NORMAL    RECORD    YEAR
 MAXIMUM TEMPERATURE (F)   70        92      1934
                                             1921
 MINIMUM TEMPERATURE (F)   47        32      1997
                                             1954
                                             1929


SUNRISE AND SUNSET
MAY 20 2018...........SUNRISE   607 AM EDT   SUNSET   857 PM EDT
MAY 21 2018...........SUNRISE   606 AM EDT   SUNSET   858 PM EDT


-  INDICATES NEGATIVE NUMBERS.
R  INDICATES RECORD WAS SET OR TIED.
MM INDICATES DATA IS MISSING.
T  INDICATES TRACE AMOUNT.




$$
