000
CDUS43 KDTX 102033
CLIFNT


CLIMATE REPORT
NATIONAL WEATHER SERVICE DETROIT/PONTIAC MI
432 PM EDT TUE APR 10 2018


...................................

...THE FLINT MI CLIMATE SUMMARY FOR APRIL 10 2018...
VALID TODAY AS OF 0400 PM LOCAL TIME.

CLIMATE NORMAL PERIOD 1981 TO 2010
CLIMATE RECORD PERIOD 1921 TO 2018


WEATHER ITEM   OBSERVED TIME   RECORD YEAR NORMAL DEPARTURE LAST
                VALUE   (LST)  VALUE       VALUE  FROM      YEAR
                                                  NORMAL
..................................................................
TEMPERATURE (F)
 TODAY
  MAXIMUM         45    247 PM  83    2011  55    -10       77
  MINIMUM         27    720 AM  16    1989  34     -7       48
  AVERAGE         36                        44     -8       63

PRECIPITATION (IN)
  TODAY            T             0.91 2013   0.11  -0.11     0.02
  MONTH TO DATE    0.92                      0.93  -0.01     2.78
  SINCE MAR 1      2.03                      2.84  -0.81     5.99
  SINCE JAN 1      7.91                      5.95   1.96    11.54

SNOWFALL (IN)
  TODAY            T             3.1  2016   0.1   -0.1      0.0
  MONTH TO DATE    6.1                       1.2    4.9      1.5
  SINCE MAR 1     17.8                       7.7   10.1      6.9
  SINCE JUL 1     83.5                      46.3   37.2     39.4
  SNOW DEPTH       1

DEGREE DAYS
 HEATING
  TODAY           29                        21      8        2
  MONTH TO DATE  340                       225    115      169
  SINCE MAR 1   1371                      1182    189     1127
  SINCE JUL 1   6321                      6270     51     5276

 COOLING
  TODAY            0                         0      0        0
  MONTH TO DATE    0                         0      0        0
  SINCE MAR 1      0                         0      0        0
  SINCE JAN 1      0                         0      0        0
..................................................................


WIND (MPH)
  HIGHEST WIND SPEED    17   HIGHEST WIND DIRECTION     W (270)
  HIGHEST GUST SPEED    22   HIGHEST GUST DIRECTION     W (280)
  AVERAGE WIND SPEED     7.4


SKY COVER
  POSSIBLE SUNSHINE  MM
  AVERAGE SKY COVER 0.5


WEATHER CONDITIONS
 THE FOLLOWING WEATHER WAS RECORDED TODAY.
  LIGHT SNOW
  FOG


RELATIVE HUMIDITY (PERCENT)
 HIGHEST   100           500 AM
 LOWEST     33           300 PM
 AVERAGE    67

..........................................................


THE FLINT MI CLIMATE NORMALS FOR TOMORROW
                         NORMAL    RECORD    YEAR
 MAXIMUM TEMPERATURE (F)   55        82      1945
 MINIMUM TEMPERATURE (F)   34        21      1989
                                             1946
                                             1943


SUNRISE AND SUNSET
APRIL 10 2018.........SUNRISE   701 AM EDT   SUNSET   812 PM EDT
APRIL 11 2018.........SUNRISE   700 AM EDT   SUNSET   813 PM EDT


-  INDICATES NEGATIVE NUMBERS.
R  INDICATES RECORD WAS SET OR TIED.
MM INDICATES DATA IS MISSING.
T  INDICATES TRACE AMOUNT.




$$
