000
CDUS43 KDTX 050538
CLIFNT


CLIMATE REPORT
NATIONAL WEATHER SERVICE DETROIT/PONTIAC MI
137 AM EDT THU APR 5 2018


...................................

...THE FLINT MI CLIMATE SUMMARY FOR APRIL 4 2018...

CLIMATE NORMAL PERIOD 1981 TO 2010
CLIMATE RECORD PERIOD 1921 TO 2018


WEATHER ITEM   OBSERVED TIME   RECORD YEAR NORMAL DEPARTURE LAST
                VALUE   (LST)  VALUE       VALUE  FROM      YEAR
                                                  NORMAL
..................................................................
TEMPERATURE (F)
 YESTERDAY
  MAXIMUM         33   1246 AM  77    1921  52    -19       56
  MINIMUM         25   1159 PM  13    1995  32     -7       43
                                      1926
  AVERAGE         29                        42    -13       50

PRECIPITATION (IN)
  YESTERDAY        0.06          1.51 2003   0.08  -0.02     0.13
  MONTH TO DATE    0.62                      0.35   0.27     0.80
  SINCE MAR 1      1.73                      2.26  -0.53     4.01
  SINCE JAN 1      7.61                      5.37   2.24     9.56

SNOWFALL (IN)
  YESTERDAY        1.8           2.6  1992   0.2    1.6      0.0
  MONTH TO DATE    1.9                       0.6    1.3      0.0
  SINCE MAR 1     13.6                       7.1    6.5      5.4
  SINCE JUL 1     79.3                      45.7   33.6     37.9
  SNOW DEPTH       1

DEGREE DAYS
 HEATING
  YESTERDAY       36                        23     13       15
  MONTH TO DATE  132                        95     37       68
  SINCE MAR 1   1163                      1052    111     1026
  SINCE JUL 1   6113                      6140    -27     5175

 COOLING
  YESTERDAY        0                         0      0        0
  MONTH TO DATE    0                         0      0        0
  SINCE MAR 1      0                         0      0        0
  SINCE JAN 1      0                         0      0        0
..................................................................


WIND (MPH)
  HIGHEST WIND SPEED    35   HIGHEST WIND DIRECTION     W (290)
  HIGHEST GUST SPEED    43   HIGHEST GUST DIRECTION     W (290)
  AVERAGE WIND SPEED    18.7


SKY COVER
  POSSIBLE SUNSHINE  MM
  AVERAGE SKY COVER 0.9


WEATHER CONDITIONS
 THE FOLLOWING WEATHER WAS RECORDED YESTERDAY.
  LIGHT SNOW
  FOG
  HAZE


RELATIVE HUMIDITY (PERCENT)
 HIGHEST   100           600 AM
 LOWEST     55           900 PM
 AVERAGE    78

..........................................................


THE FLINT MI CLIMATE NORMALS FOR TODAY
                         NORMAL    RECORD    YEAR
 MAXIMUM TEMPERATURE (F)   53        80      1921
 MINIMUM TEMPERATURE (F)   32        13      1995


SUNRISE AND SUNSET
APRIL  5 2018.........SUNRISE   710 AM EDT   SUNSET   806 PM EDT
APRIL  6 2018.........SUNRISE   708 AM EDT   SUNSET   807 PM EDT


-  INDICATES NEGATIVE NUMBERS.
R  INDICATES RECORD WAS SET OR TIED.
MM INDICATES DATA IS MISSING.
T  INDICATES TRACE AMOUNT.




$$
