500
CDUS43 KDTX 170538
CLIFNT


CLIMATE REPORT
NATIONAL WEATHER SERVICE DETROIT/PONTIAC MI
138 AM EDT TUE APR 17 2018


...................................

...THE FLINT MI CLIMATE SUMMARY FOR APRIL 16 2018...

CLIMATE NORMAL PERIOD 1981 TO 2010
CLIMATE RECORD PERIOD 1921 TO 2018


WEATHER ITEM   OBSERVED TIME   RECORD YEAR NORMAL DEPARTURE LAST
                VALUE   (LST)  VALUE       VALUE  FROM      YEAR
                                                  NORMAL
..................................................................
TEMPERATURE (F)
 YESTERDAY
  MAXIMUM         37    124 PM  87    2002  58    -21       71
  MINIMUM         30   1159 PM  19    2014  36     -6       50
  AVERAGE         34                        47    -13       61

PRECIPITATION (IN)
  YESTERDAY        0.01          1.81 1972   0.10  -0.09      T
  MONTH TO DATE    2.97                      1.54   1.43     3.00
  SINCE MAR 1      4.08                      3.45   0.63     6.21
  SINCE JAN 1      9.96                      6.56   3.40    11.76

SNOWFALL (IN)
  YESTERDAY        0.2           2.5  1961   0.0    0.2      0.0
  MONTH TO DATE    7.3                       1.7    5.6      1.5
  SINCE MAR 1     19.0                       8.2   10.8      6.9
  SINCE JUL 1     84.7                      46.8   37.9     39.4
  SNOW DEPTH       T

DEGREE DAYS
 HEATING
  YESTERDAY       31                        18     13        4
  MONTH TO DATE  484                       341    143      242
  SINCE MAR 1   1515                      1298    217     1200
  SINCE JUL 1   6465                      6386     79     5349

 COOLING
  YESTERDAY        0                         0      0        0
  MONTH TO DATE    0                         0      0        1
  SINCE MAR 1      0                         0      0        1
  SINCE JAN 1      0                         0      0        1
..................................................................


WIND (MPH)
  HIGHEST WIND SPEED    25   HIGHEST WIND DIRECTION     W (290)
  HIGHEST GUST SPEED    32   HIGHEST GUST DIRECTION    NW (300)
  AVERAGE WIND SPEED    13.5


SKY COVER
  POSSIBLE SUNSHINE  MM
  AVERAGE SKY COVER 1.0


WEATHER CONDITIONS
 THE FOLLOWING WEATHER WAS RECORDED YESTERDAY.
  LIGHT SNOW
  FOG


RELATIVE HUMIDITY (PERCENT)
 HIGHEST   100          1200 AM
 LOWEST     78          1100 PM
 AVERAGE    89

..........................................................


THE FLINT MI CLIMATE NORMALS FOR TODAY
                         NORMAL    RECORD    YEAR
 MAXIMUM TEMPERATURE (F)   58        84      1964
 MINIMUM TEMPERATURE (F)   36        22      1962


SUNRISE AND SUNSET
APRIL 17 2018.........SUNRISE   650 AM EDT   SUNSET   820 PM EDT
APRIL 18 2018.........SUNRISE   648 AM EDT   SUNSET   821 PM EDT


-  INDICATES NEGATIVE NUMBERS.
R  INDICATES RECORD WAS SET OR TIED.
MM INDICATES DATA IS MISSING.
T  INDICATES TRACE AMOUNT.




$$
