000
CXUS53 KDTX 071745 AAA
CLMFNT

CLIMATE REPORT
NATIONAL WEATHER SERVICE DETROIT/PONTIAC MI
548 AM EDT MON APR 2 2018

...................................

...THE FLINT MI CLIMATE SUMMARY FOR THE MONTH OF MARCH 2018...

CLIMATE NORMAL PERIOD 1981 TO 2010
CLIMATE RECORD PERIOD 1921 TO 2018

WEATHER         OBSERVED          NORMAL  DEPART
                 VALUE   DATE(S)  VALUE   FROM
                                          NORMAL
................................................
TEMPERATURE (F)
RECORD
 HIGH              86   03/21/2012
 LOW              -16   03/03/2014
HIGHEST            55   03/18        MM      MM
LOWEST             13   03/11        MM      MM
AVG. MAXIMUM     39.7              43.5    -3.8
AVG. MINIMUM     23.3              24.8    -1.5
MEAN             31.5              34.1    -2.6
DAYS MAX >= 90      0               0.0     0.0
DAYS MAX <= 32      5               4.6     0.4
DAYS MIN <= 32     28              24.1     3.9
DAYS MIN <= 0       0               0.3    -0.3

PRECIPITATION (INCHES)
RECORD
 MAXIMUM         4.33   2016
                        1948
 MINIMUM         0.25   1958
TOTALS           1.11              1.91   -0.80
DAILY AVG.       0.04              0.06   -0.02
DAYS >= .01        10              11.3    -1.3
DAYS >= .10         6               5.0     1.0
DAYS >= .50         0               0.8    -0.8
DAYS >= 1.00        0               0.2    -0.2
GREATEST
 24 HR. TOTAL    0.25   03/27 TO 03/27
 STORM TOTAL       MM
 (MM/DD(HH))            MM

SNOWFALL (INCHES)
RECORDS
 TOTAL           19.4   1965
                        0
                        0
TOTALS           11.7               6.5     5.2
 LIQUID EQUIV    1.17              0.60    0.57
SINCE 7/1        77.4              45.1    32.3
 LIQUID 7/1      7.74
DAYS >= TRACE      12               6.2     5.8
DAYS >= 1.0         4               2.2     1.8
GREATEST
 SNOW DEPTH         7   03/08
 24 HR TOTAL      4.9   03/07 TO 03/07
 STORM TOTAL       MM
 (MM/DD(HH))            MM

DEGREE_DAYS
HEATING TOTAL    1031               957      74
 SINCE 7/1       5981              6045     -64
COOLING TOTAL       0                 0       0
 SINCE 1/1          0                 0       0

FREEZE DATES
RECORD
 EARLIEST     MM
 LATEST       MM
EARLIEST                        MM
LATEST                          MM
.................................................

WIND (MPH)
AVERAGE WIND SPEED              9.9
HIGHEST WIND SPEED/DIRECTION    28/310    DATE  03/31
HIGHEST GUST SPEED/DIRECTION    38/210    DATE  03/31

SKY COVER
POSSIBLE SUNSHINE (PERCENT)   MM
AVERAGE SKY COVER           0.40
NUMBER OF DAYS FAIR           16
NUMBER OF DAYS PC              4
NUMBER OF DAYS CLOUDY         11

AVERAGE RH (PERCENT)     67


-  INDICATES NEGATIVE NUMBERS.
R  INDICATES RECORD WAS SET OR TIED.
MM INDICATES DATA IS MISSING.
T  INDICATES TRACE AMOUNT.

$$

MARCH 2018 MONTHLY STATISTICS AND RANKINGS
-----------------------------------------------------------------

SNOWFALL
                ACTUAL    NORMAL    DEPARTURE     RANKING
DETROIT AREA     5.9"      6.9"       -1.0"     71ST SNOWIEST
FLINT AREA      11.7"      6.5"       +5.2"     19TH SNOWIEST
SAGINAW          4.8"      6.4"       -1.6"     41ST LEAST SNOWY

SNOW YEAR SINCE JULY 1*

                ACTUAL    NORMAL     DEPARTURE     RANKING
DETROIT AREA    58.6"      40.8"      +17.8"     15TH SNOWIEST
FLINT AREA      77.4"      45.1"      +32.3"      4TH SNOWIEST
SAGINAW         35.9"      39.8"       -3.9"     45TH LEAST SNOWY

      *NORMAL TO DATE (AS OF MARCH 31, 2018)

PRECIPITATION
                ACTUAL    NORMAL     DEPARTURE     RANKING
DETROIT AREA    2.63"      2.28"      +0.35"     58TH WETTEST
FLINT AREA      1.11"      1.91"      -0.80"     14TH DRIEST
SAGINAW         0.69"      2.06"      -1.37"      8TH DRIEST


PRECIPITATION SINCE JANUARY 1*

                ACTUAL    NORMAL     DEPARTURE     RANKING
DETROIT AREA    8.26"      6.26"      +2.00"     32ND WETTEST
FLINT AREA      6.99"      5.02"      +1.97"     16TH WETTEST
SAGINAW         4.61"      5.38"      -0.77"     42ND DRIEST

      *NORMAL TO DATE (AS OF MARCH 31, 2018)

AVERAGE TEMPERATURE
                ACTUAL    NORMAL     DEPARTURE     RANKING
DETROIT AREA     35.4      37.2       -1.8       68TH WARMEST
FLINT AREA       31.5      34.1       -2.6       30TH COLDEST
SAGINAW          32.6      33.7       +1.1       53RD WARMEST

AVERAGE HIGH TEMPERATURE
                ACTUAL    NORMAL     DEPARTURE     RANKING
DETROIT AREA     43.4      45.8       -2.4       70TH WARMEST
FLINT AREA       39.7      43.5       -3.8       26TH COLDEST
SAGINAW          40.0      42.2       -2.2       51ST COLDEST

AVERAGE LOW TEMPERATURE
                ACTUAL    NORMAL     DEPARTURE     RANKING
DETROIT AREA     27.5      28.6       -1.1       72ND WARMEST
FLINT AREA       23.3      24.8       -1.5       34TH COLDEST
SAGINAW          25.2      25.3       -1.1       47TH WARMEST


DETROIT AREA HAS A CLIMATE RECORD DATING TO NOVEMBER 1874
FLINT AREA HAS A CLIMATE RECORD DATING TO JANUARY 1921
SAGINAW HAS A CLIMATE RECORD DATING TO 1913
