604
CXUS53 KDTX 191614 AAA
CLMFNT

CLIMATE REPORT
NATIONAL WEATHER SERVICE DETROIT/PONTIAC MI
432 AM EST MON JAN 1 2018

...................................

...THE FLINT MI CLIMATE SUMMARY FOR THE MONTH OF DECEMBER 2017...

CLIMATE NORMAL PERIOD 1981 TO 2010
CLIMATE RECORD PERIOD 1921 TO 2017

WEATHER         OBSERVED          NORMAL  DEPART
                 VALUE   DATE(S)  VALUE   FROM
                                          NORMAL
................................................
TEMPERATURE (F)
RECORD
 HIGH              70   12/05/2001
 LOW              -18   12/28/2017
HIGHEST            58   12/05        MM      MM
LOWEST            -18R  12/28        MM      MM
AVG. MAXIMUM     29.8              34.1    -4.3
AVG. MINIMUM     15.4              20.8    -5.4
MEAN             22.6              27.4    -4.8
DAYS MAX >= 90      0               0.0     0.0
DAYS MAX <= 32     19              12.8     6.2
DAYS MIN <= 32     30              26.9     3.1
DAYS MIN <= 0       5               1.3     3.7

PRECIPITATION (INCHES)
RECORD
 MAXIMUM         4.66   1971
 MINIMUM         0.44   1969
TOTALS           1.38              1.92   -0.54
DAILY AVG.       0.04              0.06   -0.02
DAYS >= .01        13              13.9    -0.9
DAYS >= .10         5               5.7    -0.7
DAYS >= .50         1               0.9     0.1
DAYS >= 1.00        0               0.0     0.0
GREATEST
 24 HR. TOTAL    0.52   12/13 TO 12/13
 STORM TOTAL       MM
 (MM/DD(HH))            MM

SNOWFALL (INCHES)
RECORDS
 TOTAL           35.3   2000
                        0
                        0
TOTALS           23.3              11.8    11.5
 LIQUID EQUIV    2.33              1.20    1.13
SINCE 7/1        23.7              14.7     9.0
 LIQUID 7/1      2.37
DAYS >= TRACE      18              10.4     7.6
DAYS >= 1.0         7               3.7     3.3
GREATEST
 SNOW DEPTH         9   12/16
                        12/15
                        12/14
 24 HR TOTAL      7.9   12/13 TO 12/13
 STORM TOTAL       MM
 (MM/DD(HH))            MM

DEGREE_DAYS
HEATING TOTAL    1308              1164     144
 SINCE 7/1       2606              2645     -39
COOLING TOTAL       0                 0       0
 SINCE 1/1        567               531      36

FREEZE DATES
RECORD
 EARLIEST     MM
 LATEST       MM
EARLIEST                        MM
LATEST                          MM
.................................................

WIND (MPH)
AVERAGE WIND SPEED              9.0
HIGHEST WIND SPEED/DIRECTION    31/330    DATE  12/12
HIGHEST GUST SPEED/DIRECTION    44/250    DATE  12/05

SKY COVER
POSSIBLE SUNSHINE (PERCENT)   MM
AVERAGE SKY COVER           0.60
NUMBER OF DAYS FAIR            7
NUMBER OF DAYS PC             10
NUMBER OF DAYS CLOUDY         14

AVERAGE RH (PERCENT)     74


-  INDICATES NEGATIVE NUMBERS.
R  INDICATES RECORD WAS SET OR TIED.
MM INDICATES DATA IS MISSING.
T  INDICATES TRACE AMOUNT.

$$
================================================================
       SOUTHEAST MICHIGAN CLIMATE SUMMARY FOR DECEMBER 2017


DECEMBER 2017 MONTHLY STATISTICS AND RANKINGS
-----------------------------------------------------------------

SNOWFALL
                ACTUAL    NORMAL    DEPARTURE     RANKING
DETROIT AREA    22.5"      9.6"      +12.9"      5TH SNOWIEST
FLINT AREA      23.3"     11.8"      +11.5"      5TH SNOWIEST
SAGINAW         13.2"      9.0"       +4.2"     23RD SNOWIEST

SNOW YEAR SINCE JULY 1*

                ACTUAL    NORMAL     DEPARTURE     RANKING
DETROIT AREA    22.5"      11.2"      +11.3"     14TH SNOWIEST
FLINT AREA      23.7"      14.7"       +9.0"     10TH SNOWIEST
SAGINAW         13.2"      12.9"       +0.3"     36TH SNOWIEST

      *NORMAL TO DATE (AS OF DECEMBER 31, 2017)

PRECIPITATION
                ACTUAL    NORMAL     DEPARTURE     RANKING
DETROIT AREA    1.48"      2.46"      -0.98"     37TH DRIEST
FLINT AREA      1.38"      1.92"      -0.54"     32ND DRIEST
SAGINAW         1.03"      1.86       -0.83"     29TH DRIEST

WATER YEAR SINCE JANUARY 1*

                ACTUAL    NORMAL     DEPARTURE     RANKING
DETROIT AREA    35.46"    33.47"      +1.99"     34TH WETTEST
FLINT AREA      35.71"    31.37"      +4.34"     17TH WETTEST
SAGINAW         37.75"    31.54"      +6.21"      8TH WETTEST

      *NORMAL TO DATE (AS OF DECEMBER 31, 2017)

AVERAGE TEMPERATURE
                ACTUAL    NORMAL     DEPARTURE     RANKING
DETROIT AREA     26.6      30.1       -3.5       38TH COLDEST
FLINT AREA       22.6      27.4       -5.4       12TH COLDEST
SAGINAW          23.5      27.3       -3.8       25TH COLDEST

AVERAGE HIGH TEMPERATURE
                ACTUAL    NORMAL     DEPARTURE     RANKING
DETROIT AREA     33.0      36.1       -3.1       44TH COLDEST
FLINT AREA       29.8      34.1       -4.3       14TH COLDEST
SAGINAW          29.9      33.5       -3.6       26TH COLDEST

AVERAGE LOW TEMPERATURE
                ACTUAL    NORMAL     DEPARTURE     RANKING
DETROIT AREA     20.2      24.1       -3.9       32ND COLDEST
FLINT AREA       15.4      20.8       -5.4       12TH COLDEST
SAGINAW          17.1      21.2       -4.1       27TH COLDEST


DETROIT AREA HAS A CLIMATE RECORD DATING TO NOVEMBER 1874
FLINT AREA HAS A CLIMATE RECORD DATING TO JANUARY 1921
SAGINAW HAS A CLIMATE RECORD DATING TO 1912
