731
CXUS53 KDTX 011901
CLMFNT

CLIMATE REPORT
NATIONAL WEATHER SERVICE DETROIT/PONTIAC MI
155 PM EST THU MAR 1 2018

...................................

...THE FLINT MI CLIMATE SUMMARY FOR THE MONTH OF FEBRUARY 2018...

CLIMATE NORMAL PERIOD 1981 TO 2010
CLIMATE RECORD PERIOD 1921 TO 2018

WEATHER         OBSERVED          NORMAL  DEPART
                 VALUE   DATE(S)  VALUE   FROM
                                          NORMAL
................................................
TEMPERATURE (F)
RECORD
 HIGH              68   02/11/1999
 LOW              -28   02/14/1916
HIGHEST            61   02/28        MM      MM
LOWEST             -7   02/13        MM      MM
AVG. MAXIMUM     36.1              32.8     3.3
AVG. MINIMUM     19.4              16.9     2.5
MEAN             27.8              24.8     3.0
DAYS MAX >= 90      0               0.0     0.0
DAYS MAX <= 32     11              13.5    -2.5
DAYS MIN <= 32     21              25.7    -4.7
DAYS MIN <= 0       4               2.7     1.3

PRECIPITATION (INCHES)
RECORD
 MAXIMUM         5.28   1954
 MINIMUM         0.17   1969
TOTALS           4.02              1.48    2.54
DAILY AVG.       0.14              0.05    0.09
DAYS >= .01        15              10.5     4.5
DAYS >= .10         7               4.1     2.9
DAYS >= .50         1               0.6     0.4
DAYS >= 1.00        1               0.1     0.9
GREATEST
 24 HR. TOTAL    1.85   02/20 TO 02/20
 STORM TOTAL       MM
 (MM/DD(HH))            MM

SNOWFALL (INCHES)
RECORDS
 TOTAL           29.4   2008
                        0
                        0
TOTALS           21.8              10.8    11.0
 LIQUID EQUIV    2.18              1.10    1.08
SINCE 7/1        65.7              38.6    27.1
 LIQUID 7/1      6.57
DAYS >= TRACE      12               9.9     2.1
DAYS >= 1.0         6               3.5     2.5
GREATEST
 SNOW DEPTH        14   02/14
                        02/13
                        02/12
 24 HR TOTAL      7.5   02/09 TO 02/09
 STORM TOTAL       MM
 (MM/DD(HH))            MM

DEGREE_DAYS
HEATING TOTAL    1034              1124     -90
 SINCE 7/1       4950              5088    -138
COOLING TOTAL       0                 0       0
 SINCE 1/1          0                 0       0

FREEZE DATES
RECORD
 EARLIEST     MM
 LATEST       MM
EARLIEST      02/01             MM
LATEST                          MM
.................................................

WIND (MPH)
AVERAGE WIND SPEED              9.6
HIGHEST WIND SPEED/DIRECTION    36/260    DATE  02/25
HIGHEST GUST SPEED/DIRECTION    45/250    DATE  02/25

SKY COVER
POSSIBLE SUNSHINE (PERCENT)   MM
AVERAGE SKY COVER           0.60
NUMBER OF DAYS FAIR            5
NUMBER OF DAYS PC             12
NUMBER OF DAYS CLOUDY         11

AVERAGE RH (PERCENT)     75


-  INDICATES NEGATIVE NUMBERS.
R  INDICATES RECORD WAS SET OR TIED.
MM INDICATES DATA IS MISSING.
T  INDICATES TRACE AMOUNT.

$$
