000
CDUS43 KGRR 181334
CLIGRR


CLIMATE REPORT
NATIONAL WEATHER SERVICE GRAND RAPIDS, MI
931 AM EDT FRI MAY 18 2018


...................................

...THE GRAND RAPIDS MI CLIMATE SUMMARY FOR MAY 18 2018...
VALID AS OF 0900 AM LOCAL TIME.

CLIMATE NORMAL PERIOD 1981 TO 2010
CLIMATE RECORD PERIOD 1892 TO 2018


WEATHER ITEM   OBSERVED TIME   RECORD YEAR NORMAL DEPARTURE LAST
                VALUE   (LST)  VALUE       VALUE  FROM      YEAR
                                                  NORMAL
..................................................................
TEMPERATURE (F)
 TODAY
  MAXIMUM         55    759 AM  90    1962  70    -15       77
  MINIMUM         50    617 AM  28    1973  48      2       46
  AVERAGE         53                        59     -6       62

PRECIPITATION (IN)
  TODAY            0.00          3.31 2000   0.13  -0.13     0.06
  MONTH TO DATE    2.81                      2.27   0.54     0.55
  SINCE MAR 1      6.82                      7.99  -1.17    10.09
  SINCE JAN 1     13.87                     11.87   2.00    15.65

SNOWFALL (IN)
  TODAY            0.0           0.2  1915   0.0    0.0      0.0
  MONTH TO DATE    0.0                       0.0    0.0      0.0
  SINCE MAR 1     10.9                      10.1    0.8      5.1
  SINCE JUL 1     77.7                      74.9    2.8     60.1
  SNOW DEPTH       0

DEGREE DAYS
 HEATING
  TODAY           12                         7      5        3
  MONTH TO DATE   84                       166    -82      186
  SINCE MAR 1   1767                      1594    173     1498
  SINCE JUL 1   6423                      6371     52     5552

 COOLING
  TODAY            0                         1     -1        0
  MONTH TO DATE   20                        14      6       21
  SINCE MAR 1     20                        22     -2       26
  SINCE JAN 1     20                        22     -2       26
..................................................................


WIND (MPH)
  RESULTANT WIND SPEED  15   RESULTANT WIND DIRECTION   E (70)
  HIGHEST WIND SPEED    20   HIGHEST WIND DIRECTION     E (70)
  HIGHEST GUST SPEED    26   HIGHEST GUST DIRECTION    NE (60)
  AVERAGE WIND SPEED    14.7


SKY COVER
  AVERAGE SKY COVER 0.4


WEATHER CONDITIONS
 THE FOLLOWING WEATHER WAS RECORDED TODAY.
  NO SIGNIFICANT WEATHER WAS OBSERVED.


RELATIVE HUMIDITY (PERCENT)
 HIGHEST    52           300 AM
 LOWEST     46           400 AM
 AVERAGE    49

..........................................................


THE GRAND RAPIDS MI CLIMATE NORMALS FOR TOMORROW
                         NORMAL    RECORD    YEAR
 MAXIMUM TEMPERATURE (F)   71        91      1977
 MINIMUM TEMPERATURE (F)   49        30      2002


SUNRISE AND SUNSET
MAY 18 2018...........SUNRISE   616 AM EDT   SUNSET   901 PM EDT
MAY 19 2018...........SUNRISE   615 AM EDT   SUNSET   902 PM EDT


-  INDICATES NEGATIVE NUMBERS.
R  INDICATES RECORD WAS SET OR TIED.
MM INDICATES DATA IS MISSING.
T  INDICATES TRACE AMOUNT.




$$

63
