000
CDUS43 KGRR 130518
CLIGRR


CLIMATE REPORT
NATIONAL WEATHER SERVICE GRAND RAPIDS, MI
117 AM EDT SUN MAY 13 2018


...................................

...THE GRAND RAPIDS MI CLIMATE SUMMARY FOR MAY 12 2018...

CLIMATE NORMAL PERIOD 1981 TO 2010
CLIMATE RECORD PERIOD 1892 TO 2018


WEATHER ITEM   OBSERVED TIME   RECORD YEAR NORMAL DEPARTURE LAST
                VALUE   (LST)  VALUE       VALUE  FROM      YEAR
                                                  NORMAL
..................................................................
TEMPERATURE (F)
 YESTERDAY
  MAXIMUM         57    442 PM  86    1896  68    -11       72
  MINIMUM         42    640 AM  27    1981  46     -4       44
  AVERAGE         50                        57     -7       58

PRECIPITATION (IN)
  YESTERDAY        0.52          1.43 1912   0.12   0.40     0.00
  MONTH TO DATE    2.02                      1.50   0.52     0.43
  SINCE MAR 1      6.03                      7.22  -1.19     9.97
  SINCE JAN 1     13.08                     11.10   1.98    15.53

SNOWFALL (IN)
  YESTERDAY        0.0           T    1923   0.0    0.0      0.0
  MONTH TO DATE    0.0                       0.0    0.0      0.0
  SINCE MAR 1     10.9                      10.1    0.8      5.1
  SINCE JUL 1     77.7                      74.9    2.8     60.1
  SNOW DEPTH       0

DEGREE DAYS
 HEATING
  YESTERDAY       15                         9      6        7
  MONTH TO DATE   59                       121    -62      173
  SINCE MAR 1   1742                      1549    193     1485
  SINCE JUL 1   6398                      6326     72     5539

 COOLING
  YESTERDAY        0                         1     -1        0
  MONTH TO DATE   18                         8     10        0
  SINCE MAR 1     18                        16      2        5
  SINCE JAN 1     18                        16      2        5
..................................................................


WIND (MPH)
  RESULTANT WIND SPEED   9   RESULTANT WIND DIRECTION   E (80)
  HIGHEST WIND SPEED    17   HIGHEST WIND DIRECTION    NE (60)
  HIGHEST GUST SPEED    24   HIGHEST GUST DIRECTION     E (70)
  AVERAGE WIND SPEED     8.7


SKY COVER
  POSSIBLE SUNSHINE  16 PERCENT
  AVERAGE SKY COVER 1.0


WEATHER CONDITIONS
 THE FOLLOWING WEATHER WAS RECORDED YESTERDAY.
  THUNDERSTORM
  HEAVY RAIN
  RAIN
  LIGHT RAIN
  FOG


RELATIVE HUMIDITY (PERCENT)
 HIGHEST    89           100 AM
 LOWEST     67           400 PM
 AVERAGE    78

..........................................................


THE GRAND RAPIDS MI CLIMATE NORMALS FOR TODAY
                         NORMAL    RECORD    YEAR
 MAXIMUM TEMPERATURE (F)   69        86      1991
                                             1982
                                             1940
 MINIMUM TEMPERATURE (F)   47        27      1946


SUNRISE AND SUNSET
MAY 13 2018...........SUNRISE   621 AM EDT   SUNSET   856 PM EDT
MAY 14 2018...........SUNRISE   620 AM EDT   SUNSET   857 PM EDT


-  INDICATES NEGATIVE NUMBERS.
R  INDICATES RECORD WAS SET OR TIED.
MM INDICATES DATA IS MISSING.
T  INDICATES TRACE AMOUNT.




$$
