000
CDUS43 KGRR 140517
CLIGRR


CLIMATE REPORT
NATIONAL WEATHER SERVICE GRAND RAPIDS, MI
117 AM EDT MON MAY 14 2018


...................................

...THE GRAND RAPIDS MI CLIMATE SUMMARY FOR MAY 13 2018...

CLIMATE NORMAL PERIOD 1981 TO 2010
CLIMATE RECORD PERIOD 1892 TO 2018


WEATHER ITEM   OBSERVED TIME   RECORD YEAR NORMAL DEPARTURE LAST
                VALUE   (LST)  VALUE       VALUE  FROM      YEAR
                                                  NORMAL
..................................................................
TEMPERATURE (F)
 YESTERDAY
  MAXIMUM         63    608 PM  86    1991  69     -6       75
                                      1982
                                      1940
  MINIMUM         47    546 AM  27    1946  47      0       46
  AVERAGE         55                        58     -3       61

PRECIPITATION (IN)
  YESTERDAY        0.31          1.92 1964   0.13   0.18      T
  MONTH TO DATE    2.33                      1.63   0.70     0.43
  SINCE MAR 1      6.34                      7.35  -1.01     9.97
  SINCE JAN 1     13.39                     11.23   2.16    15.53

SNOWFALL (IN)
  YESTERDAY        0.0           T    1984   0.0    0.0      0.0
  MONTH TO DATE    0.0                       0.0    0.0      0.0
  SINCE MAR 1     10.9                      10.1    0.8      5.1
  SINCE JUL 1     77.7                      74.9    2.8     60.1
  SNOW DEPTH       0

DEGREE DAYS
 HEATING
  YESTERDAY       10                         8      2        4
  MONTH TO DATE   69                       129    -60      177
  SINCE MAR 1   1752                      1557    195     1489
  SINCE JUL 1   6408                      6334     74     5543

 COOLING
  YESTERDAY        0                         1     -1        0
  MONTH TO DATE   18                         9      9        0
  SINCE MAR 1     18                        17      1        5
  SINCE JAN 1     18                        17      1        5
..................................................................


WIND (MPH)
  RESULTANT WIND SPEED   4   RESULTANT WIND DIRECTION   E (110)
  HIGHEST WIND SPEED    13   HIGHEST WIND DIRECTION    SW (220)
  HIGHEST GUST SPEED    16   HIGHEST GUST DIRECTION     E (100)
  AVERAGE WIND SPEED     5.4


SKY COVER
  POSSIBLE SUNSHINE  33 PERCENT
  AVERAGE SKY COVER 0.9


WEATHER CONDITIONS
 THE FOLLOWING WEATHER WAS RECORDED YESTERDAY.
  HEAVY RAIN
  RAIN
  LIGHT RAIN
  FOG


RELATIVE HUMIDITY (PERCENT)
 HIGHEST    93           200 AM
 LOWEST     72           400 PM
 AVERAGE    83

..........................................................


THE GRAND RAPIDS MI CLIMATE NORMALS FOR TODAY
                         NORMAL    RECORD    YEAR
 MAXIMUM TEMPERATURE (F)   69        89      1982
 MINIMUM TEMPERATURE (F)   47        31      1973


SUNRISE AND SUNSET
MAY 14 2018...........SUNRISE   620 AM EDT   SUNSET   857 PM EDT
MAY 15 2018...........SUNRISE   619 AM EDT   SUNSET   858 PM EDT


-  INDICATES NEGATIVE NUMBERS.
R  INDICATES RECORD WAS SET OR TIED.
MM INDICATES DATA IS MISSING.
T  INDICATES TRACE AMOUNT.




$$
