000
CDUS43 KGRR 101325
CLIGRR


CLIMATE REPORT
NATIONAL WEATHER SERVICE GRAND RAPIDS, MI
925 AM EDT TUE APR 10 2018


...................................

...THE GRAND RAPIDS MI CLIMATE SUMMARY FOR APRIL 10 2018...
VALID AS OF 0900 AM LOCAL TIME.

CLIMATE NORMAL PERIOD 1981 TO 2010
CLIMATE RECORD PERIOD 1892 TO 2018


WEATHER ITEM   OBSERVED TIME   RECORD YEAR NORMAL DEPARTURE LAST
                VALUE   (LST)  VALUE       VALUE  FROM      YEAR
                                                  NORMAL
..................................................................
TEMPERATURE (F)
 TODAY
  MAXIMUM         33    759 AM  85    2011  56    -23       78
  MINIMUM         23    509 AM  15    1989  36    -13       52
  AVERAGE         28                        46    -18       65

PRECIPITATION (IN)
  TODAY            0.00          1.61 2008   0.12  -0.12     1.04
  MONTH TO DATE    0.85                      1.07  -0.22     3.02
  SINCE MAR 1      2.01                      3.44  -1.43     6.29
  SINCE JAN 1      9.06                      7.32   1.74    11.85

SNOWFALL (IN)
  TODAY            0.0           2.0  1894   0.1   -0.1      0.0
  MONTH TO DATE    3.0                       1.1    1.9      0.4
  SINCE MAR 1      7.9                       9.4   -1.5      5.1
  SINCE JUL 1     74.7                      74.2    0.5     60.1
  SNOW DEPTH       0

DEGREE DAYS
 HEATING
  TODAY           37                        19     18        0
  MONTH TO DATE  344                       211    133      176
  SINCE MAR 1   1287                      1121    166     1097
  SINCE JUL 1   5943                      5898     45     5151

 COOLING
  TODAY            0                         0      0        0
  MONTH TO DATE    0                         0      0        0
  SINCE MAR 1      0                         1     -1        0
  SINCE JAN 1      0                         1     -1        0
..................................................................


WIND (MPH)
  RESULTANT WIND SPEED   5   RESULTANT WIND DIRECTION  SW (230)
  HIGHEST WIND SPEED     9   HIGHEST WIND DIRECTION    SW (240)
  HIGHEST GUST SPEED    11   HIGHEST GUST DIRECTION    SW (240)
  AVERAGE WIND SPEED     5.0


SKY COVER
  AVERAGE SKY COVER 0.2


WEATHER CONDITIONS
 THE FOLLOWING WEATHER WAS RECORDED TODAY.
  FOG
  HAZE


RELATIVE HUMIDITY (PERCENT)
 HIGHEST    88           500 AM
 LOWEST     78          1200 AM
 AVERAGE    83

..........................................................


THE GRAND RAPIDS MI CLIMATE NORMALS FOR TOMORROW
                         NORMAL    RECORD    YEAR
 MAXIMUM TEMPERATURE (F)   56        82      1977
 MINIMUM TEMPERATURE (F)   36        14      1973


SUNRISE AND SUNSET
APRIL 10 2018.........SUNRISE   709 AM EDT   SUNSET   819 PM EDT
APRIL 11 2018.........SUNRISE   707 AM EDT   SUNSET   820 PM EDT


-  INDICATES NEGATIVE NUMBERS.
R  INDICATES RECORD WAS SET OR TIED.
MM INDICATES DATA IS MISSING.
T  INDICATES TRACE AMOUNT.




$$
